{"id":11587,"date":"2022-11-03T11:43:29","date_gmt":"2022-11-03T11:43:29","guid":{"rendered":"https:\/\/dei.fe.up.pt\/dev\/?page_id=11587"},"modified":"2024-07-29T11:49:26","modified_gmt":"2024-07-29T11:49:26","slug":"premio-prof-doutor-raul-vidal","status":"publish","type":"page","link":"https:\/\/dei.fe.up.pt\/dev\/premio-prof-doutor-raul-vidal\/","title":{"rendered":"Pr\u00e9mio Prof. Doutor Raul Vidal"},"content":{"rendered":"<div id=\"pl-11587\"  class=\"panel-layout\" >\n<div id=\"pg-11587-0\"  class=\"panel-grid panel-has-style\"  data-style=\"{&quot;background&quot;:&quot;#e0e0e0&quot;,&quot;background_image_attachment&quot;:false,&quot;background_display&quot;:&quot;tile&quot;,&quot;full_height&quot;:&quot;&quot;,&quot;bottom_margin&quot;:&quot;0px&quot;,&quot;row_stretch&quot;:&quot;full-width-stretch&quot;,&quot;cell_alignment&quot;:&quot;flex-start&quot;}\"  data-label=\"Introduction\" >\n<div class=\"siteorigin-panels-stretch panel-row-style panel-row-style-for-11587-0\" data-stretch-type=\"full-width-stretch\" >\n<div id=\"pgc-11587-0-0\"  class=\"panel-grid-cell\"  data-weight=\"1\" >\n<div id=\"panel-11587-0-0-0\" class=\"so-panel widget widget_sow-image panel-first-child panel-last-child\" data-index=\"0\" data-style=\"{&quot;background_image_attachment&quot;:false,&quot;background_display&quot;:&quot;tile&quot;,&quot;background_image_size&quot;:&quot;full&quot;,&quot;border_thickness&quot;:&quot;1px&quot;}\" ><div\n\t\t\t\n\t\t\tclass=\"so-widget-sow-image so-widget-sow-image-default-dbf295114b96\"\n\t\t\t\n\t\t>\n<div class=\"sow-image-container\">\n\t\t<img \n\tsrc=\"https:\/\/dei.fe.up.pt\/dev\/wp-content\/uploads\/sites\/92\/2023\/01\/Asset-8.svg\" width=\"1\" height=\"1\" sizes=\"(max-width: 1px) 100vw, 1px\" title=\"Asset 8\" alt=\"\" \t\tclass=\"so-widget-image\"\/>\n\t<\/div>\n\n<\/div><\/div>\n<\/div>\n<\/div>\n<\/div>\n<div id=\"pg-11587-1\"  class=\"panel-grid panel-has-style\"  data-style=\"{&quot;padding&quot;:&quot;5%&quot;,&quot;background&quot;:&quot;#e0e0e0&quot;,&quot;background_image_attachment&quot;:false,&quot;background_display&quot;:&quot;tile&quot;,&quot;full_height&quot;:&quot;&quot;,&quot;row_stretch&quot;:&quot;full&quot;,&quot;cell_alignment&quot;:&quot;flex-start&quot;}\"  data-label=\"Who We Are - What We Do\" >\n<div class=\"siteorigin-panels-stretch panel-row-style panel-row-style-for-11587-1\" data-stretch-type=\"full\" >\n<div id=\"pgc-11587-1-0\"  class=\"panel-grid-cell\"  data-weight=\"0.5\" >\n<div id=\"panel-11587-1-0-0\" class=\"so-panel widget widget_sow-editor panel-first-child panel-last-child\" data-index=\"1\" data-style=\"{&quot;background_image_attachment&quot;:false,&quot;background_display&quot;:&quot;tile&quot;,&quot;background_image_size&quot;:&quot;full&quot;,&quot;border_thickness&quot;:&quot;1px&quot;}\" >\n<div\n\t\t\t\n\t\t\tclass=\"so-widget-sow-editor so-widget-sow-editor-base\"\n\t\t\t\n\t\t><\/p>\n<div class=\"siteorigin-widget-tinymce textwidget\">\n<p><img loading=\"lazy\" decoding=\"async\" class=\"size-medium wp-image-11710 alignleft\" src=\"https:\/\/dei.fe.up.pt\/dev\/wp-content\/uploads\/sites\/92\/2022\/12\/01-219x200.png\" alt=\"\" width=\"219\" height=\"200\" srcset=\"https:\/\/dei.fe.up.pt\/dev\/wp-content\/uploads\/sites\/92\/2022\/12\/01-219x200.png 219w, https:\/\/dei.fe.up.pt\/dev\/wp-content\/uploads\/sites\/92\/2022\/12\/01-876x800.png 876w, https:\/\/dei.fe.up.pt\/dev\/wp-content\/uploads\/sites\/92\/2022\/12\/01-109x100.png 109w, https:\/\/dei.fe.up.pt\/dev\/wp-content\/uploads\/sites\/92\/2022\/12\/01-1536x1403.png 1536w, https:\/\/dei.fe.up.pt\/dev\/wp-content\/uploads\/sites\/92\/2022\/12\/01-2048x1871.png 2048w\" sizes=\"auto, (max-width: 219px) 100vw, 219px\" \/>O Pr\u00e9mio Prof. Doutor Raul Vidal\/Deloitte visa homenagear o Professor Em\u00e9rito da U.Porto como reconhecimento de todo o seu trabalho ao servi\u00e7o da FEUP na \u00e1rea da inform\u00e1tica, que se tem traduzido na proje\u00e7\u00e3o da FEUP a n\u00edvel nacional e internacional e na prepara\u00e7\u00e3o de elevada qualidade dos seus estudantes para o mercado de trabalho, fazendo com que a FEUP seja inquestionavelmente uma das principais escolas com um ensino de excel\u00eancia a n\u00edvel tecnol\u00f3gico. A sua vis\u00e3o estrat\u00e9gia e empreendedora, tal como o seu n\u00edvel de exig\u00eancia, compet\u00eancia, rigor e capacidade de integra\u00e7\u00e3o e de relacionamento, aliados ao seu lado mais humano e social, d\u00e3o ao Prof. Doutor Raul Vidal um estatuto merecedor deste pr\u00e9mio.<\/p>\n<p>Perpetuar este reconhecimento atrav\u00e9s da atribui\u00e7\u00e3o de um pr\u00e9mio a um(a) estudante do Departamento de Engenharia Inform\u00e1tica (DEI), ser\u00e1 uma forma de continuar a transmitir valores t\u00e3o dignificantes e diferenciadores que t\u00e3o bem caracterizam os valores preconizados pelo DEI e para os quais o Prof. Doutor Raul Vidal tanto tem ativamente contribu\u00eddo.<\/p>\n<p>O pr\u00e9mio \u00e9 proposto pela Deloitte e tem a FEUP, por interm\u00e9dio do DEI, como institui\u00e7\u00e3o apoiante.<\/p>\n<p>O pr\u00e9mio traduz-se pela atribui\u00e7\u00e3o de um montante pecuni\u00e1rio de \u20ac3000 e destina-se a agraciar anualmente um rec\u00e9m-graduado de um dos seguintes cursos da FEUP: Mestrado em Engenharia Inform\u00e1tica e Computa\u00e7\u00e3o (M.EIC) e Mestrado em Engenharia de Software (MESW), que se tenha distinguido em atividades curriculares, pela qualidade e inova\u00e7\u00e3o dos trabalhos realizados no \u00e2mbito da Engenharia de Software, e pelas atividades de apoio a estudantes e de car\u00e1ter social e solid\u00e1rio.<\/p>\n<\/div>\n<\/div>\n<\/div>\n<\/div>\n<div id=\"pgc-11587-1-1\"  class=\"panel-grid-cell\"  data-weight=\"0.5\" >\n<div id=\"panel-11587-1-1-0\" class=\"so-panel widget widget_sow-editor panel-first-child\" data-index=\"2\" data-style=\"{&quot;background_image_attachment&quot;:false,&quot;background_display&quot;:&quot;cover&quot;,&quot;background_image_size&quot;:&quot;full&quot;}\" >\n<div\n\t\t\t\n\t\t\tclass=\"so-widget-sow-editor so-widget-sow-editor-base\"\n\t\t\t\n\t\t><\/p>\n<div class=\"siteorigin-widget-tinymce textwidget\">\n<p><img loading=\"lazy\" decoding=\"async\" class=\"size-medium wp-image-11592 alignleft\" src=\"https:\/\/dei.fe.up.pt\/dev\/wp-content\/uploads\/sites\/92\/2022\/11\/Jornadas-LEIC-MIEIC-20-anos-133x200.jpg\" alt=\"\" width=\"133\" height=\"200\" srcset=\"https:\/\/dei.fe.up.pt\/dev\/wp-content\/uploads\/sites\/92\/2022\/11\/Jornadas-LEIC-MIEIC-20-anos-133x200.jpg 133w, https:\/\/dei.fe.up.pt\/dev\/wp-content\/uploads\/sites\/92\/2022\/11\/Jornadas-LEIC-MIEIC-20-anos-533x800.jpg 533w, https:\/\/dei.fe.up.pt\/dev\/wp-content\/uploads\/sites\/92\/2022\/11\/Jornadas-LEIC-MIEIC-20-anos-67x100.jpg 67w, https:\/\/dei.fe.up.pt\/dev\/wp-content\/uploads\/sites\/92\/2022\/11\/Jornadas-LEIC-MIEIC-20-anos.jpg 640w\" sizes=\"auto, (max-width: 133px) 100vw, 133px\" \/><\/p>\n<p>\u201cDesejo partilhar e dedicar este reconhecimento aos meus familiares, aos meus colegas de curso (LEE.1972), a todos os meus antigos alunos, a todos os colegas, funcion\u00e1rios, t\u00e9cnicos ou administrativos, com que trabalhei ou convivi ao longo de toda a minha carreira, e aos in\u00fameros amigos que granjeei at\u00e9 hoje.<\/p>\n<p>Mais relevante que a distin\u00e7\u00e3o pessoal, \u00e9 a import\u00e2ncia que este Pr\u00e9mio ter\u00e1 na vida de um estudante, agraciado anualmente pelo seu Trabalho, Esfor\u00e7o Pessoal e Solidariedade, valores dignificantes e diferenciadores que desejo que inspirem os inform\u00e1ticos do futuro, a curto, m\u00e9dio e a longo prazo.<\/p>\n<p>UM BEM HAJAM!!\u201d<\/p>\n<\/div>\n<\/div>\n<\/div>\n<div id=\"panel-11587-1-1-1\" class=\"so-panel widget widget_sow-editor panel-last-child\" data-index=\"3\" data-style=\"{&quot;background_image_attachment&quot;:false,&quot;background_display&quot;:&quot;cover&quot;,&quot;background_image_size&quot;:&quot;full&quot;,&quot;background_image_opacity&quot;:&quot;100&quot;,&quot;border_thickness&quot;:&quot;1px&quot;}\" >\n<div\n\t\t\t\n\t\t\tclass=\"so-widget-sow-editor so-widget-sow-editor-base\"\n\t\t\t\n\t\t><\/p>\n<div class=\"siteorigin-widget-tinymce textwidget\">\n<p><a href=\"https:\/\/dei.fe.up.pt\/dev\/wp-content\/uploads\/sites\/92\/2023\/10\/Regulamento-Premio-Prof.-Doutor-Raul-Vidal_2023.pdf\">REGULAMENTO PR\u00c9MIO PROF. DOUTOR RAUL VIDAL\/DELOITTE<\/a><\/p>\n<p><a href=\"https:\/\/forms.gle\/7uws5j4bGsN1LL2bA\">Inscri\u00e7\u00f5es abertas at\u00e9 31 de Agosto de 2024<\/a><\/p>\n<\/div>\n<\/div>\n<\/div>\n<\/div>\n<\/div>\n<\/div>\n<\/div>\n","protected":false},"excerpt":{"rendered":"<p>O Pr\u00e9mio Prof. Doutor Raul Vidal\/Deloitte visa homenagear o Professor Em\u00e9rito da U.Porto como reconhecimento de todo o seu trabalho ao servi\u00e7o da FEUP na \u00e1rea da inform\u00e1tica, que se tem traduzido na proje\u00e7\u00e3o da FEUP a n\u00edvel nacional e internacional e na prepara\u00e7\u00e3o de elevada qualidade dos seus estudantes para o mercado de trabalho, [&hellip;]<\/p>\n","protected":false},"author":60,"featured_media":0,"parent":0,"menu_order":0,"comment_status":"closed","ping_status":"closed","template":"","meta":{"inline_featured_image":false,"footnotes":""},"class_list":["post-11587","page","type-page","status-publish","hentry"],"_links":{"self":[{"href":"https:\/\/dei.fe.up.pt\/dev\/wp-json\/wp\/v2\/pages\/11587","targetHints":{"allow":["GET"]}}],"collection":[{"href":"https:\/\/dei.fe.up.pt\/dev\/wp-json\/wp\/v2\/pages"}],"about":[{"href":"https:\/\/dei.fe.up.pt\/dev\/wp-json\/wp\/v2\/types\/page"}],"author":[{"embeddable":true,"href":"https:\/\/dei.fe.up.pt\/dev\/wp-json\/wp\/v2\/users\/60"}],"replies":[{"embeddable":true,"href":"https:\/\/dei.fe.up.pt\/dev\/wp-json\/wp\/v2\/comments?post=11587"}],"version-history":[{"count":6,"href":"https:\/\/dei.fe.up.pt\/dev\/wp-json\/wp\/v2\/pages\/11587\/revisions"}],"predecessor-version":[{"id":13334,"href":"https:\/\/dei.fe.up.pt\/dev\/wp-json\/wp\/v2\/pages\/11587\/revisions\/13334"}],"wp:attachment":[{"href":"https:\/\/dei.fe.up.pt\/dev\/wp-json\/wp\/v2\/media?parent=11587"}],"curies":[{"name":"wp","href":"https:\/\/api.w.org\/{rel}","templated":true}]}}