{"id":2325,"date":"2020-01-07T13:19:56","date_gmt":"2020-01-07T13:19:56","guid":{"rendered":"https:\/\/dei.fe.up.pt\/dev\/?page_id=2325"},"modified":"2020-01-07T13:19:56","modified_gmt":"2020-01-07T13:19:56","slug":"como-cooperar-com-o-dei","status":"publish","type":"page","link":"https:\/\/dei.fe.up.pt\/dev\/como-cooperar-com-o-dei\/","title":{"rendered":"Como cooperar com o DEI"},"content":{"rendered":"\n<div class=\"wp-block-siteorigin-panels-layout-block\"><div id=\"pl-2325\" class=\"panel-layout\"><div id=\"pg-2325-0\" class=\"panel-grid panel-no-style\"><div id=\"pgc-2325-0-0\" class=\"panel-grid-cell\"><div id=\"panel-2325-0-0-0\" class=\"so-panel widget widget_text panel-first-child panel-last-child\" data-index=\"0\"><div data-sticky-spacer=\"false\" class=\"panel-widget-style panel-widget-style-for-2325-0-0-0\">\t\t\t<div class=\"textwidget\"><h4><b>&lt;Como Cooperar com o DEI&gt;<\/b><\/h4>\n<p><b>Projetos de Doutoramento<\/b><\/p>\n<p><span style=\"font-weight: 400\">DoRPE- \u201cDoctoral Research Projects at FEUP with Enterprises\u201d, oferece \u00e0s empresas:<\/span><\/p>\n<ul>\n<li style=\"font-weight: 400\"><span style=\"font-weight: 400\">uma oportunidade para iniciar um projeto de investiga\u00e7\u00e3o com a FEUP, envolvendo um candidato de doutoramento e financiamento adequado<\/span><\/li>\n<li style=\"font-weight: 400\"><span style=\"font-weight: 400\">solu\u00e7\u00f5es a m\u00e9dio e longo prazo para problemas de investiga\u00e7\u00e3o relevantes para a empresa<\/span><\/li>\n<\/ul>\n<p><span style=\"font-weight: 400\">Vantagens relevantes:<\/span><\/p>\n<ul>\n<li style=\"font-weight: 400\"><span style=\"font-weight: 400\">acesso a investiga\u00e7\u00e3o avan\u00e7ada em \u00e1reas tecnol\u00f3gicas onde a FEUP est\u00e1 na vanguarda<\/span><\/li>\n<li style=\"font-weight: 400\"><span style=\"font-weight: 400\">possibilidade de propor temas de investiga\u00e7\u00e3o para serem desenvolvidos no \u00e2mbito dos programas doutorais da FEUP<\/span><\/li>\n<li style=\"font-weight: 400\"><span style=\"font-weight: 400\">possibilidade de selecionar o candidato mais adequado para desenvolver o projeto ou propor um colaborador da empresa<\/span><\/li>\n<li style=\"font-weight: 400\"><span style=\"font-weight: 400\">sendo um <\/span><span style=\"font-weight: 400\">parceiro <a href=\"https:\/\/web.fe.up.pt\/~prime\/\">FEUP Prime<\/a><\/span><span style=\"font-weight: 400\">, a empresa usufrui de publicidade interna e externa \u00e0 FEUP<\/span><\/li>\n<li style=\"font-weight: 400\"><span style=\"font-weight: 400\">convite para integrar a Comiss\u00e3o DoRPE da FEUP cuja miss\u00e3o \u00e9 aconselhar em mat\u00e9rias relacionadas com investiga\u00e7\u00e3o e inova\u00e7\u00e3o<\/span><\/li>\n<\/ul>\n<p><span style=\"font-weight: 400\">Estas parcerias beneficiam:<\/span><\/p>\n<p><b>A longo prazo<\/b><span style=\"font-weight: 400\">, de continuidade e foco num t\u00f3pico\/problema de elevada complexidade<\/span><\/p>\n<ul>\n<li style=\"font-weight: 400\"><span style=\"font-weight: 400\">de forma mais eficiente<\/span><\/li>\n<li style=\"font-weight: 400\"><span style=\"font-weight: 400\">com o potencial para atingir resultados significativos<\/span><\/li>\n<\/ul>\n<p><b>A curto prazo<\/b><span style=\"font-weight: 400\">, de\u00a0<\/span><\/p>\n<ul>\n<li style=\"font-weight: 400\"><span style=\"font-weight: 400\">resultados garantidos pela possibilidade de envolver estudantes de mestrado (a empresa participa na defini\u00e7\u00e3o do problema\/t\u00f3pico de investiga\u00e7\u00e3o e na sele\u00e7\u00e3o do candidato, acompanhando o trabalho ao longo do semestre)\u00a0<\/span><\/li>\n<li style=\"font-weight: 400\"><span style=\"font-weight: 400\">acesso estruturado ao talento do DEI (estudantes de todos os cursos do DEI)<\/span><\/li>\n<li style=\"font-weight: 400\"><span style=\"font-weight: 400\">possibilidade da empresa organizar workshops e propor t\u00f3picos para mestrados e doutoramentos<\/span><\/li>\n<li style=\"font-weight: 400\"><span style=\"font-weight: 400\">o estudante de doutoramento ser visto como o \u201cEmbaixador da Empresa\u201d no DEI e na FEUP!<\/span><\/li>\n<\/ul>\n<p>&nbsp;<\/p>\n<p><b>Projetos de Mestrado<\/b><\/p>\n<p><span style=\"font-weight: 400\">O desenvolvimento de Disserta\u00e7\u00f5es de Mestrado em ambiente empresarial \u00e9 uma \u00f3tima oportunidade para empresas e estudantes. Um estudante de mestrado a tempo inteiro \u00e9 capaz de resolver problemas reais e criar solu\u00e7\u00f5es inovadoras durante um ano acad\u00e9mico com vantagens para ambos:<\/span><\/p>\n<ul>\n<li style=\"font-weight: 400\"><span style=\"font-weight: 400\">a empresa participa na elabora\u00e7\u00e3o do problema\/t\u00f3pico de investiga\u00e7\u00e3o bem como na sele\u00e7\u00e3o do estudante<\/span><\/li>\n<li style=\"font-weight: 400\"><span style=\"font-weight: 400\">o estudante trabalha nas instala\u00e7\u00f5es da empresa durante um semestre e o seu trabalho \u00e9 acompanhado e monitorizado por um respons\u00e1vel designado pela empresa em parceria com o seu orientador na FEUP\u00a0<\/span><\/li>\n<li style=\"font-weight: 400\"><span style=\"font-weight: 400\">o curso sistematiza e simplifica a gest\u00e3o da propriedade intelectual resultante do projeto de mestrado\u00a0<\/span><\/li>\n<li style=\"font-weight: 400\"><span style=\"font-weight: 400\">o estudante tem a oportunidade de experienciar o ambiente de trabalho e as opera\u00e7\u00f5es do dia a dia de uma empresa (para muitos a sua primeira experi\u00eancia no mundo do trabalho)\u00a0<\/span><\/li>\n<li style=\"font-weight: 400\"><span style=\"font-weight: 400\">o estudante \u00e9 parte de uma equipa e contribui para o seu sucesso<\/span><\/li>\n<li style=\"font-weight: 400\"><span style=\"font-weight: 400\">a empresa tem acesso a talento jovem<\/span><\/li>\n<\/ul>\n<p><span style=\"font-weight: 400\">Para a submiss\u00e3o de uma proposta de disserta\u00e7\u00e3o, a empresa necessita registar-se antecipadamente na <\/span><a href=\"https:\/\/sigarra.up.pt\/feup\/pt\/WEB_BASE.GERA_PAGINA?P_pagina=19498\"><span style=\"font-weight: 400\">\u201cBolsa de Emprego\u201d<\/span><\/a><span style=\"font-weight: 400\"> da FEUP e assim ser\u00e1 inclu\u00edda na chamada \u00e0 submiss\u00e3o de propostas efetuada uma ou duas vez por ano, dependendo do Mestrado.<\/span><\/p>\n<p><span style=\"font-weight: 400\">Registe-se <\/span>j\u00e1<span style=\"font-weight: 400\"> para:<\/span><\/p>\n<ul>\n<li style=\"font-weight: 400\"><span style=\"font-weight: 400\">alcan\u00e7ar resultados a curto e m\u00e9dio prazo<\/span><\/li>\n<li style=\"font-weight: 400\"><span style=\"font-weight: 400\">ter acesso a estudantes talentosos das \u00e1reas da Engenharia Inform\u00e1tica e Computa\u00e7\u00e3o, Engenharia de Software, Engenharia e Ci\u00eancia de Dados, Multim\u00e9dia, e Ci\u00eancia da Informa\u00e7\u00e3o<\/span><\/li>\n<\/ul>\n<p>&nbsp;<\/p>\n<p><b>C\u00e1tedras\u00a0<\/b><\/p>\n<ul>\n<li style=\"font-weight: 400\"><span style=\"font-weight: 400\">podem ser atribu\u00eddas a um Investigador\/ Grupo de investiga\u00e7\u00e3o\/ Departamento<\/span><\/li>\n<li style=\"font-weight: 400\"><span style=\"font-weight: 400\">podem envolver estudantes de Doutoramento e Mestrado<\/span><\/li>\n<li style=\"font-weight: 400\"><span style=\"font-weight: 400\">s\u00e3o focadas em t\u00f3picos de interesse da empresa\u00a0<\/span><\/li>\n<li style=\"font-weight: 400\"><span style=\"font-weight: 400\">podem consistir em projetos de I&amp;D mas com impacto em outras \u00e1reas<\/span><\/li>\n<\/ul>\n<p>&nbsp;<\/p>\n<p><b>Mecenato: salas de estudo e laborat\u00f3rios<\/b><\/p>\n<ul>\n<li style=\"font-weight: 400\"><span style=\"font-weight: 400\">patroc\u00ednio de salas de estudo para estudantes e laborat\u00f3rios e investiga\u00e7\u00e3o\u00a0<\/span><\/li>\n<li style=\"font-weight: 400\"><span style=\"font-weight: 400\">grande impacto em termos de contacto com os estudantes pela exposi\u00e7\u00e3o e contacto com a marca da empresa\u00a0<\/span><\/li>\n<li style=\"font-weight: 400\"><span style=\"font-weight: 400\">possibilidade de promover a empresa e os seus eventos tais como workshops tem\u00e1ticos<\/span><\/li>\n<li style=\"font-weight: 400\"><span style=\"font-weight: 400\">possibilidade de reproduzir o ambiente\/condi\u00e7\u00f5es da empresa da FEUP.DEI<\/span><\/li>\n<\/ul>\n<p>&nbsp;<\/p>\n<p><b>Patroc\u00ednio do Programa de Igualdade de Oportunidades na Engenharia Inform\u00e1tica (PIONEI)<\/b><\/p>\n<p><b>PIONEI G\u00e9nero<\/b><\/p>\n<p><span style=\"font-weight: 400\">Proporcionar uma maior igualdade de g\u00e9nero na frequ\u00eancia dos cursos do DEI aumentando assim anualmente o n\u00famero de mulheres que acedem a diversos cursos do DEI.<\/span><\/p>\n<p><b>PIONEI Geogr\u00e1fico<\/b><\/p>\n<p><span style=\"font-weight: 400\">Proporcionar uma maior igualdade entre estudantes que vivem na \u00e1rea metropolitana do Porto e os que se deslocam de outras cidades do pa\u00eds para estudar na FEUP.<\/span><\/p>\n<p><b>PIONEI Social<\/b><\/p>\n<p><span style=\"font-weight: 400\">Contribui\u00e7\u00e3o e impacto na forma\u00e7\u00e3o de estudantes excelentes proporcionando melhores condi\u00e7\u00f5es aos estudantes com menores recursos financeiros, atrav\u00e9s de<\/span><span style=\"font-weight: 400\"> est\u00e1gios de curta dura\u00e7\u00e3o (3 meses) e bolsas.<\/span><\/p>\n<p>&nbsp;<\/p>\n<p><strong>Resumindo as v\u00e1rias oportunidades de colabora\u00e7\u00e3o com o DEI:\u00a0<\/strong><\/p>\n<ul>\n<li style=\"font-weight: 400\"><span style=\"font-weight: 400\">acesso gratuito a tecnologia e\/ou workshops ou semin\u00e1rios de divulga\u00e7\u00e3o tecnol\u00f3gica<\/span><\/li>\n<li style=\"font-weight: 400\"><span style=\"font-weight: 400\">oferta de est\u00e1gios de curta dura\u00e7\u00e3o para estudantes dos cursos do DEI <\/span>(nomeadamente para os per\u00edodos de junho\/julho a agosto\/setembro) e\/ou de disserta\u00e7\u00f5es de mestrado em empresas<\/li>\n<li><span style=\"font-weight: 400\">forma\u00e7\u00e3o ou consultoria em t\u00f3picos relacionados com engenharia inform\u00e1tica<\/span><\/li>\n<li><span style=\"font-weight: 400\">financiamento de atividades relacionadas com ensino (nomeadamente no \u00e2mbito de pr\u00e9mios de m\u00e9rito a estudantes, de apetrechamento de salas de estudo e de patroc\u00ednio do programa de igualdade de oportunidades) e\/ou investiga\u00e7\u00e3o<\/span><\/li>\n<li><span style=\"font-weight: 400\">participa\u00e7\u00e3o em projetos de I&amp;D (nacionais ou internacionais)<\/span><\/li>\n<li><span style=\"font-weight: 400\">participa\u00e7\u00e3o nos programas de financiamento de bolsas de doutoramento e\/ou de c\u00e1tedras que o DEI promove e que v\u00e3o ao encontro das necessidades da ind\u00fastria<\/span><\/li>\n<li><span style=\"font-weight: 400\">abertura para articular com empresas a melhor forma de colabora\u00e7\u00e3o e investimento que potenciem o valor acrescentado e o retorno \u00e0 empresa e que seja do interesse do DEI\u00a0\u00a0\u00a0\u00a0\u00a0<\/span><\/li>\n<\/ul>\n<p><span style=\"font-weight: 400\">Para saber mais sobre as oportunidades de colabora\u00e7\u00e3o\/patroc\u00ednio dispon\u00edveis por favor contacte o Diretor do DEI, Prof. Jo\u00e3o Cardoso: <\/span><a href=\"mailto:jmpc@fe.up.pt\"><span style=\"font-weight: 400\">jmpc@fe.up.pt<\/span><\/a><span style=\"font-weight: 400\">.<\/span><\/p>\n<\/div>\n\t\t<\/div><\/div><\/div><\/div><\/div><\/div>\n\n\n\n<p><\/p>\n","protected":false},"excerpt":{"rendered":"","protected":false},"author":60,"featured_media":0,"parent":0,"menu_order":0,"comment_status":"closed","ping_status":"closed","template":"","meta":{"inline_featured_image":false,"footnotes":""},"class_list":["post-2325","page","type-page","status-publish","hentry"],"_links":{"self":[{"href":"https:\/\/dei.fe.up.pt\/dev\/wp-json\/wp\/v2\/pages\/2325","targetHints":{"allow":["GET"]}}],"collection":[{"href":"https:\/\/dei.fe.up.pt\/dev\/wp-json\/wp\/v2\/pages"}],"about":[{"href":"https:\/\/dei.fe.up.pt\/dev\/wp-json\/wp\/v2\/types\/page"}],"author":[{"embeddable":true,"href":"https:\/\/dei.fe.up.pt\/dev\/wp-json\/wp\/v2\/users\/60"}],"replies":[{"embeddable":true,"href":"https:\/\/dei.fe.up.pt\/dev\/wp-json\/wp\/v2\/comments?post=2325"}],"version-history":[{"count":1,"href":"https:\/\/dei.fe.up.pt\/dev\/wp-json\/wp\/v2\/pages\/2325\/revisions"}],"predecessor-version":[{"id":13080,"href":"https:\/\/dei.fe.up.pt\/dev\/wp-json\/wp\/v2\/pages\/2325\/revisions\/13080"}],"wp:attachment":[{"href":"https:\/\/dei.fe.up.pt\/dev\/wp-json\/wp\/v2\/media?parent=2325"}],"curies":[{"name":"wp","href":"https:\/\/api.w.org\/{rel}","templated":true}]}}