{"id":2447,"date":"2018-10-04T14:23:16","date_gmt":"2018-10-04T14:23:16","guid":{"rendered":"https:\/\/dei.fe.up.pt\/dev\/?page_id=2"},"modified":"2024-04-17T14:28:26","modified_gmt":"2024-04-17T14:28:26","slug":"sobre","status":"publish","type":"page","link":"https:\/\/dei.fe.up.pt\/dev\/sobre\/","title":{"rendered":"Sobre"},"content":{"rendered":"<div id=\"pl-2447\"  class=\"panel-layout\" >\n<div id=\"pg-2447-0\"  class=\"panel-grid panel-has-style\"  data-style=\"{&quot;id&quot;:&quot;banner-row&quot;,&quot;row_css&quot;:&quot;min-height: 160px;\\n\\n&quot;,&quot;padding&quot;:&quot;20px 20px 20px 20px&quot;,&quot;mobile_padding&quot;:&quot;10px 0px 10px 0px&quot;,&quot;background&quot;:&quot;#8bd6d4&quot;,&quot;background_image_attachment&quot;:false,&quot;background_display&quot;:&quot;tile&quot;,&quot;full_height&quot;:&quot;&quot;,&quot;row_stretch&quot;:&quot;full&quot;,&quot;cell_alignment&quot;:&quot;center&quot;}\" >\n<div class=\"siteorigin-panels-stretch panel-row-style panel-row-style-for-2447-0\" id=\"banner-row\" data-stretch-type=\"full\" >\n<div id=\"pgc-2447-0-0\"  class=\"panel-grid-cell\"  data-style=\"{&quot;class&quot;:&quot;banner-cell&quot;,&quot;background_image_attachment&quot;:false,&quot;background_display&quot;:&quot;tile&quot;,&quot;vertical_alignment&quot;:&quot;auto&quot;}\"  data-weight=\"1\" >\n<div class=\"banner-cell panel-cell-style panel-cell-style-for-2447-0-0\" >\n<div id=\"panel-2447-0-0-0\" class=\"so-panel widget widget_text panel-first-child panel-last-child\" data-index=\"0\" data-style=\"{&quot;padding&quot;:&quot;0px 150px 0px 150px&quot;,&quot;mobile_padding&quot;:&quot;0px 0px 0px 0px&quot;,&quot;background_image_attachment&quot;:false,&quot;background_display&quot;:&quot;tile&quot;,&quot;background_image_size&quot;:&quot;full&quot;,&quot;border_thickness&quot;:&quot;1px&quot;}\" >\n<div class=\"panel-widget-style panel-widget-style-for-2447-0-0-0\" >\n<div class=\"textwidget\">\n<p class=\"banner-title\">&lt;contribuindo para a engenharia inform\u00e1tica do futuro&gt;<\/p>\n<\/div><\/div>\n<\/div>\n<\/div>\n<\/div>\n<\/div>\n<\/div>\n<div id=\"pg-2447-1\"  class=\"panel-grid panel-no-style\"  data-style=\"{&quot;background_image_attachment&quot;:false,&quot;background_display&quot;:&quot;tile&quot;,&quot;full_height&quot;:&quot;&quot;,&quot;cell_alignment&quot;:&quot;flex-start&quot;}\" >\n<div id=\"pgc-2447-1-0\"  class=\"panel-grid-cell\"  data-weight=\"1\" >\n<div id=\"panel-2447-1-0-0\" class=\"so-panel widget widget_sow-editor panel-first-child panel-last-child\" data-index=\"1\" data-style=\"{&quot;background_image_attachment&quot;:false,&quot;background_display&quot;:&quot;tile&quot;,&quot;background_image_size&quot;:&quot;full&quot;,&quot;border_thickness&quot;:&quot;1px&quot;}\" >\n<div\n\t\t\t\n\t\t\tclass=\"so-widget-sow-editor so-widget-sow-editor-base\"\n\t\t\t\n\t\t><\/p>\n<div class=\"siteorigin-widget-tinymce textwidget\">\n\tA Engenharia Inform\u00e1tica e Computa\u00e7\u00e3o contribui cada vez mais para a sociedade, alterando, direta ou indiretamente, a forma como vivemos. Diretamente, pela presen\u00e7a em servi\u00e7os e dispositivos que realizam computa\u00e7\u00e3o e que utilizam software como um dos principais componentes. Indiretamente, pela contribui\u00e7\u00e3o para o desenvolvimento de produtos e servi\u00e7os inovadores que impactam a nossa sociedade em todas as \u00e1reas de conhecimento.<\/p>\n<p>O Departamento de Engenharia Inform\u00e1tica (DEI) foi constitu\u00eddo em janeiro de 2008, na sequ\u00eancia das atividades que vinham a ser desenvolvidas na FEUP desde o in\u00edcio dos anos 90. O DEI realiza investiga\u00e7\u00e3o cient\u00edfica no \u00e2mbito da Engenharia Inform\u00e1tica e Computa\u00e7\u00e3o, enfatiza o futuro desta \u00e1rea e, nas vertentes t\u00e9cnico-cient\u00edficas, distingue-se pela multidisciplinaridade e pela ado\u00e7\u00e3o do ensino de softskills para com isso formar recursos humanos altamente qualificados, especializados em diversas \u00e1reas da Engenharia Inform\u00e1tica e Computa\u00e7\u00e3o e que s\u00e3o muito valorizados.<\/p><\/div>\n<\/div>\n<\/div>\n<\/div>\n<\/div>\n<div id=\"pg-2447-2\"  class=\"panel-grid panel-has-style\"  data-style=\"{&quot;padding&quot;:&quot;0px 0px 0px 0px&quot;,&quot;background_image_attachment&quot;:false,&quot;background_display&quot;:&quot;tile&quot;,&quot;full_height&quot;:&quot;&quot;,&quot;gutter&quot;:&quot;10px&quot;,&quot;cell_alignment&quot;:&quot;flex-start&quot;}\" >\n<div class=\"panel-row-style panel-row-style-for-2447-2\" >\n<div id=\"pgc-2447-2-0\"  class=\"panel-grid-cell\"  data-style=\"{&quot;background_image_attachment&quot;:false,&quot;background_display&quot;:&quot;tile&quot;,&quot;vertical_alignment&quot;:&quot;auto&quot;}\"  data-weight=\"0.33333333333333\" >\n<div id=\"panel-2447-2-0-0\" class=\"so-panel widget widget_sow-editor panel-first-child panel-last-child\" data-index=\"2\" data-style=\"{&quot;widget_css&quot;:&quot;min-height: 460px;&quot;,&quot;padding&quot;:&quot;10px 10px 10px 10px&quot;,&quot;background&quot;:&quot;#01aca7&quot;,&quot;background_image_attachment&quot;:false,&quot;background_display&quot;:&quot;tile&quot;,&quot;background_image_size&quot;:&quot;full&quot;,&quot;border_thickness&quot;:&quot;1px&quot;,&quot;margin&quot;:&quot;0px 10px 40px 10px&quot;,&quot;font_color&quot;:&quot;#ffffff&quot;,&quot;link_color&quot;:&quot;#ffffff&quot;}\" >\n<div class=\"panel-widget-style panel-widget-style-for-2447-2-0-0\" >\n<div\n\t\t\t\n\t\t\tclass=\"so-widget-sow-editor so-widget-sow-editor-base\"\n\t\t\t\n\t\t><\/p>\n<div class=\"siteorigin-widget-tinymce textwidget\">\n\t<img loading=\"lazy\" decoding=\"async\" class=\"aligncenter size-medium wp-image-6617\" role=\"img\" src=\"https:\/\/dei.fe.up.pt\/dev1\/wp-content\/uploads\/2021\/07\/i__cones_pa__gina_sobre-17.svg\" alt=\"\" width=\"150\" height=\"150\" \/><\/p>\n<h4 style=\"text-align: center; color: white; font-size: 23px;\">Miss\u00e3o<\/h4>\n<p style=\"text-align: center; color: white; font-size: 14px;\">Prestar forma\u00e7\u00e3o de n\u00edvel internacional na Engenharia Inform\u00e1tica, nas vertentes cient\u00edfica, t\u00e9cnica, \u00e9tica e cultural.<\/p>\n<p style=\"text-align: center; color: white; font-size: 14px;\">Realizar investiga\u00e7\u00e3o e desenvolvimento de excel\u00eancia para o avan\u00e7o da Ci\u00eancia da Computa\u00e7\u00e3o, e sustentar as atividades de forma\u00e7\u00e3o em Engenharia Inform\u00e1tica.<\/p>\n<\/div>\n<\/div>\n<\/div>\n<\/div>\n<\/div>\n<div id=\"pgc-2447-2-1\"  class=\"panel-grid-cell\"  data-style=\"{&quot;background_image_attachment&quot;:false,&quot;background_display&quot;:&quot;tile&quot;,&quot;vertical_alignment&quot;:&quot;auto&quot;}\"  data-weight=\"0.33333333333333\" >\n<div id=\"panel-2447-2-1-0\" class=\"so-panel widget widget_sow-editor panel-first-child panel-last-child\" data-index=\"3\" data-style=\"{&quot;class&quot;:&quot;ensino&quot;,&quot;widget_css&quot;:&quot;min-height: 460px;\\n&quot;,&quot;padding&quot;:&quot;10px 10px 10px 10px&quot;,&quot;background&quot;:&quot;#01aca7&quot;,&quot;background_image_attachment&quot;:false,&quot;background_display&quot;:&quot;tile&quot;,&quot;background_image_size&quot;:&quot;full&quot;,&quot;border_thickness&quot;:&quot;1px&quot;,&quot;margin&quot;:&quot;0px 10px 10px 10px&quot;,&quot;font_color&quot;:&quot;#ffffff&quot;,&quot;link_color&quot;:&quot;#ffffff&quot;}\" >\n<div class=\"ensino panel-widget-style panel-widget-style-for-2447-2-1-0\" >\n<div\n\t\t\t\n\t\t\tclass=\"so-widget-sow-editor so-widget-sow-editor-base\"\n\t\t\t\n\t\t><\/p>\n<div class=\"siteorigin-widget-tinymce textwidget\">\n\t<img loading=\"lazy\" decoding=\"async\" class=\"aligncenter size-medium wp-image-6616\" role=\"img\" src=\"https:\/\/dei.fe.up.pt\/dev1\/wp-content\/uploads\/2021\/07\/i__cones_pa__gina_sobre-18.svg\" alt=\"\" width=\"150\" height=\"150\" \/><\/p>\n<h4 style=\"text-align: center; color: white; font-size: 23px;\">Vis\u00e3o<\/h4>\n<p style=\"text-align: center; color: white; font-size: 14px;\">A vis\u00e3o do DEI \u00e9 reter e fortalecer a sua posi\u00e7\u00e3o avan\u00e7ada no ensino e investiga\u00e7\u00e3o da Engenharia Inform\u00e1tica e Computa\u00e7\u00e3o no contexto nacional e afirmar-se no ranking das\u00a0 melhores escolas\/departamentos na Europa.<\/p>\n<\/div>\n<\/div>\n<\/div>\n<\/div>\n<\/div>\n<div id=\"pgc-2447-2-2\"  class=\"panel-grid-cell\"  data-style=\"{&quot;background_image_attachment&quot;:false,&quot;background_display&quot;:&quot;tile&quot;,&quot;vertical_alignment&quot;:&quot;auto&quot;}\"  data-weight=\"0.33333333333333\" >\n<div id=\"panel-2447-2-2-0\" class=\"so-panel widget widget_sow-editor panel-first-child panel-last-child\" data-index=\"4\" data-style=\"{&quot;class&quot;:&quot;ensino&quot;,&quot;widget_css&quot;:&quot;a {\\n  text-decoration: none !important;\\n  box-shadow: none !important;\\nmin-height: 460px;\\n}\\n&quot;,&quot;padding&quot;:&quot;10px 10px 10px 10px&quot;,&quot;background&quot;:&quot;#01aca7&quot;,&quot;background_image_attachment&quot;:false,&quot;background_display&quot;:&quot;tile&quot;,&quot;background_image_size&quot;:&quot;full&quot;,&quot;border_thickness&quot;:&quot;1px&quot;,&quot;margin&quot;:&quot;0px 10px 10px 10px&quot;,&quot;font_color&quot;:&quot;#ffffff&quot;,&quot;link_color&quot;:&quot;#ffffff&quot;}\" >\n<div class=\"ensino panel-widget-style panel-widget-style-for-2447-2-2-0\" >\n<div\n\t\t\t\n\t\t\tclass=\"so-widget-sow-editor so-widget-sow-editor-base\"\n\t\t\t\n\t\t><\/p>\n<div class=\"siteorigin-widget-tinymce textwidget\">\n\t<img loading=\"lazy\" decoding=\"async\" class=\"aligncenter size-medium wp-image-6615\" role=\"img\" src=\"https:\/\/dei.fe.up.pt\/dev1\/wp-content\/uploads\/2021\/07\/i__cones_pa__gina_sobre-19.svg\" alt=\"\" width=\"150\" height=\"150\" \/><\/p>\n<h4 style=\"text-align: center; color: white; font-size: 23px;\">Qualidade<\/h4>\n<p style=\"text-align: center; color: white; font-size: 14px;\">A qualidade da forma\u00e7\u00e3o \u00e9 testemunhada pela comunidade Alumni e pelas suas contribui\u00e7\u00f5es para o pa\u00eds e para o mundo.<\/p>\n<p style=\"text-align: center; color: white; font-size: 14px;\">S\u00e3o muitos os antigos estudantes que se afirmam hoje como l\u00edderes nas empresas e institui\u00e7\u00f5es onde trabalham, aut\u00eanticos casos de sucesso que carregam o ADN DEI-FEUP, atrav\u00e9s dos seus esp\u00edritos inovadores, empreendedores e de grande dimens\u00e3o humana.<\/p>\n<\/div>\n<\/div>\n<\/div>\n<\/div>\n<\/div>\n<\/div>\n<\/div>\n<div id=\"pg-2447-3\"  class=\"panel-grid panel-no-style\"  data-style=\"{&quot;background_image_attachment&quot;:false,&quot;background_display&quot;:&quot;tile&quot;,&quot;full_height&quot;:&quot;&quot;,&quot;cell_alignment&quot;:&quot;flex-start&quot;}\" >\n<div id=\"pgc-2447-3-0\"  class=\"panel-grid-cell\"  data-weight=\"1\" >\n<div id=\"panel-2447-3-0-0\" class=\"so-panel widget widget_sow-editor panel-first-child panel-last-child\" data-index=\"5\" data-style=\"{&quot;background_image_attachment&quot;:false,&quot;background_display&quot;:&quot;tile&quot;,&quot;background_image_size&quot;:&quot;full&quot;,&quot;border_thickness&quot;:&quot;1px&quot;}\" >\n<div\n\t\t\t\n\t\t\tclass=\"so-widget-sow-editor so-widget-sow-editor-base\"\n\t\t\t\n\t\t><\/p>\n<div class=\"siteorigin-widget-tinymce textwidget\">\n\tO DEI orgulha-se de atrair dos melhores estudantes de Engenharia Inform\u00e1tica em Portugal, muitos estudantes internacionais, de contar com a colabora\u00e7\u00e3o de outros departamentos da FEUP e de outras Faculdades da U.PORTO, de ter n\u00facleos estudantis muito din\u00e2micos e com atividades extracurriculares muito relevantes, o que contribui para forma\u00e7\u00f5es distintas e especiais.<\/p>\n<p>A par com a forma\u00e7\u00e3o de jovens futuros l\u00edderes nas diversas \u00e1reas da Engenharia Inform\u00e1tica e Computa\u00e7\u00e3o e do investimento em investiga\u00e7\u00e3o de qualidade reconhecida, o DEI aposta desde sempre na liga\u00e7\u00e3o com a Ind\u00fastria. Est\u00e3o bem solidificadas as rela\u00e7\u00f5es de confian\u00e7a e coopera\u00e7\u00e3o com um grande n\u00famero de empresas e muitas delas acompanham o departamento desde a sua cria\u00e7\u00e3o. O DEI orgulha-se de manter uma rela\u00e7\u00e3o muito pr\u00f3xima com a ind\u00fastria e com outras entidades nacionais e internacionais. Esta proximidade facilita a transfer\u00eancia de conhecimento e o acompanhamento das necessidades das empresas a n\u00edvel tecnol\u00f3gico e de recursos humanos, garantindo rela\u00e7\u00f5es win-win muito valorizadas bilateralmente. Esta rela\u00e7\u00e3o tem tamb\u00e9m proporcionado projetos de investiga\u00e7\u00e3o alinhados com necessidades presentes e futuras, bem como verdadeiros laborat\u00f3rios vivos de experimentalismo de tecnologias do futuro.<\/p>\n<p>\u00c9 por isso frequente que quem pretenda colabora\u00e7\u00f5es e forma\u00e7\u00e3o nas mais variadas sub\u00e1reas da Engenharia Inform\u00e1tica e Computa\u00e7\u00e3o procure o DEI!<\/p><\/div>\n<\/div>\n<\/div>\n<\/div>\n<\/div>\n<div id=\"pg-2447-4\"  class=\"panel-grid panel-no-style\"  data-style=\"{&quot;background_image_attachment&quot;:false,&quot;background_display&quot;:&quot;tile&quot;,&quot;full_height&quot;:&quot;&quot;,&quot;cell_alignment&quot;:&quot;flex-start&quot;}\" >\n<div id=\"pgc-2447-4-0\"  class=\"panel-grid-cell\"  data-weight=\"1\" >\n<div id=\"panel-2447-4-0-0\" class=\"so-panel widget widget_sow-editor panel-first-child panel-last-child\" data-index=\"6\" data-style=\"{&quot;background_image_attachment&quot;:false,&quot;background_display&quot;:&quot;tile&quot;,&quot;background_image_size&quot;:&quot;full&quot;,&quot;border_thickness&quot;:&quot;1px&quot;,&quot;margin&quot;:&quot;0px 0px 40px 0px&quot;}\" >\n<div\n\t\t\t\n\t\t\tclass=\"so-widget-sow-editor so-widget-sow-editor-base\"\n\t\t\t\n\t\t><\/p>\n<div class=\"siteorigin-widget-tinymce textwidget\">\n\t<strong>O DEI \u00e9 um membro Informatics Europe e iSchools.<\/strong><\/p>\n<p><a href=\"https:\/\/www.informatics-europe.org\/\"><img loading=\"lazy\" decoding=\"async\" class=\"alignnone wp-image-2689\" src=\"https:\/\/dei.fe.up.pt\/dev1\/wp-content\/uploads\/2020\/04\/logo-informatics-europe-80.png\" alt=\"\" width=\"202\" height=\"73\" \/><\/a>\u00a0 \u00a0 \u00a0 \u00a0 \u00a0 <a href=\"https:\/\/ischools.org\/\"><img loading=\"lazy\" decoding=\"async\" class=\"alignnone wp-image-2688\" src=\"https:\/\/dei.fe.up.pt\/dev1\/wp-content\/uploads\/2020\/04\/ischoolslogo-300x150.jpg\" alt=\"\" width=\"182\" height=\"91\" srcset=\"https:\/\/dei.fe.up.pt\/dev\/wp-content\/uploads\/sites\/92\/2020\/04\/ischoolslogo-300x150.jpg 300w, https:\/\/dei.fe.up.pt\/dev\/wp-content\/uploads\/sites\/92\/2020\/04\/ischoolslogo.jpg 500w\" sizes=\"auto, (max-width: 182px) 100vw, 182px\" \/><\/a><\/div>\n<\/div>\n<\/div>\n<\/div>\n<\/div>\n<div id=\"pg-2447-5\"  class=\"panel-grid panel-has-style\"  data-style=\"{&quot;padding&quot;:&quot;0px 0px 25px 0px&quot;,&quot;background&quot;:&quot;#8bd6d4&quot;,&quot;background_image_attachment&quot;:false,&quot;background_display&quot;:&quot;tile&quot;,&quot;full_height&quot;:&quot;&quot;,&quot;bottom_margin&quot;:&quot;0px&quot;,&quot;row_stretch&quot;:&quot;full&quot;,&quot;cell_alignment&quot;:&quot;flex-start&quot;}\" >\n<div class=\"siteorigin-panels-stretch panel-row-style panel-row-style-for-2447-5\" data-stretch-type=\"full\" >\n<div id=\"pgc-2447-5-0\"  class=\"panel-grid-cell\"  data-weight=\"1\" >\n<div id=\"panel-2447-5-0-0\" class=\"so-panel widget widget_siteorigin-panels-builder panel-first-child panel-last-child\" data-index=\"7\" data-style=\"{&quot;background_image_attachment&quot;:false,&quot;background_display&quot;:&quot;tile&quot;}\" >\n<div id=\"pl-w62029993bb680\"  class=\"panel-layout\" >\n<div id=\"pg-w62029993bb680-0\"  class=\"panel-grid panel-no-style\"  data-style=\"{&quot;cell_alignment&quot;:&quot;flex-start&quot;}\"  data-ratio=\"1\"  data-ratio-direction=\"right\" >\n<div id=\"pgc-w62029993bb680-0-0\"  class=\"panel-grid-cell\"  data-weight=\"0.33333333333333\" >\n<div id=\"panel-w62029993bb680-0-0-0\" class=\"so-panel widget widget_custom_html panel-first-child panel-last-child\" data-index=\"0\" data-style=\"{&quot;widget_css&quot;:&quot;min-height: 100px&quot;,&quot;padding&quot;:&quot;0px 0px 0px 0px&quot;,&quot;background_image_attachment&quot;:false,&quot;background_display&quot;:&quot;tile&quot;}\" >\n<div class=\"panel-widget-style panel-widget-style-for-w62029993bb680-0-0-0\" ><div class=\"textwidget custom-html-widget\">&lt;a href=&quot;https:\/\/dei.fe.up.pt\/pt\/orgaos-de-gestao\/&quot;&gt;\n\t&lt;div&gt;\n\t\t\t\t\t&lt;h4 style=&quot;text-align: center; color: white; font-size: 22px;&quot;&gt;\n\t\t\t\t\t\t&lt;br&gt;\n\t\t\t\t\t\t&lt;DEI \u2013 \u00d3rg\u00e3os de gest\u00e3o&gt;&lt;\/h4&gt;\n\t&lt;\/div&gt;\n&lt;\/a&gt;<\/div><\/div>\n<\/div>\n<\/div>\n<div id=\"pgc-w62029993bb680-0-1\"  class=\"panel-grid-cell\"  data-weight=\"0.33333333333333\" >\n<div id=\"panel-w62029993bb680-0-1-0\" class=\"so-panel widget widget_custom_html panel-first-child panel-last-child\" data-index=\"1\" data-style=\"{&quot;widget_css&quot;:&quot;min-height: 100px&quot;,&quot;background_image_attachment&quot;:false,&quot;background_display&quot;:&quot;tile&quot;}\" >\n<div class=\"panel-widget-style panel-widget-style-for-w62029993bb680-0-1-0\" ><div class=\"textwidget custom-html-widget\">&lt;a href=&quot;https:\/\/sigarra.up.pt\/feup&quot;&gt;\n\t&lt;div&gt;\n\t\t\t\t&lt;h4 style=&quot;text-align: center; color: white; font-size: 22px;&quot;&gt;\n\t\t\t\t\t&lt;br&gt;\n\t\t\t\t\t&lt;Faculdade de Engenharia&gt;&lt;\/h4&gt;\n\t&lt;\/div&gt;\n&lt;\/a&gt;<\/div><\/div>\n<\/div>\n<\/div>\n<div id=\"pgc-w62029993bb680-0-2\"  class=\"panel-grid-cell\"  data-weight=\"0.33333333333333\" >\n<div id=\"panel-w62029993bb680-0-2-0\" class=\"so-panel widget widget_custom_html panel-first-child panel-last-child\" data-index=\"2\" data-style=\"{&quot;widget_css&quot;:&quot;min-height: 100px&quot;,&quot;background_image_attachment&quot;:false,&quot;background_display&quot;:&quot;tile&quot;}\" >\n<div class=\"panel-widget-style panel-widget-style-for-w62029993bb680-0-2-0\" ><div class=\"textwidget custom-html-widget\">&lt;a href=&quot;http:\/\/www.up.pt\/&quot;&gt;\n\t&lt;div&gt;\n\t\t\t\t&lt;h4 style=&quot;text-align: center; color: white; font-size: 22px;&quot;&gt;\n\t\t\t\t\t&lt;br&gt;\n\t\t\t\t\t&lt;Universidade do Porto&gt;&lt;\/h4&gt;\n\t&lt;\/div&gt;\n&lt;\/a&gt;<\/div><\/div>\n<\/div>\n<\/div>\n<\/div>\n<\/div>\n<\/div>\n<\/div>\n<\/div>\n<\/div>\n<div id=\"pg-2447-6\"  class=\"panel-grid panel-has-style\"  data-style=\"{&quot;padding&quot;:&quot;70px 70px 70px 70px&quot;,&quot;background&quot;:&quot;#000000&quot;,&quot;background_image_attachment&quot;:false,&quot;background_display&quot;:&quot;tile&quot;,&quot;border_color&quot;:&quot;#000000&quot;,&quot;full_height&quot;:&quot;&quot;,&quot;row_stretch&quot;:&quot;full&quot;,&quot;cell_alignment&quot;:&quot;flex-start&quot;}\" >\n<div class=\"siteorigin-panels-stretch panel-row-style panel-row-style-for-2447-6\" data-stretch-type=\"full\" >\n<div id=\"pgc-2447-6-0\"  class=\"panel-grid-cell\"  data-weight=\"0.36024939172749\" >\n<div id=\"panel-2447-6-0-0\" class=\"so-panel widget widget_text panel-first-child panel-last-child\" data-index=\"8\" data-style=\"{&quot;background_image_attachment&quot;:false,&quot;background_display&quot;:&quot;tile&quot;,&quot;background_image_size&quot;:&quot;full&quot;,&quot;border_thickness&quot;:&quot;1px&quot;,&quot;font_color&quot;:&quot;#ffffff&quot;,&quot;link_color&quot;:&quot;#ffffff&quot;}\" >\n<div class=\"panel-widget-style panel-widget-style-for-2447-6-0-0\" >\n<div class=\"textwidget\">\n<p>Faculdade de Engenharia da Universidade do Porto<br \/>\nRua Dr. Roberto Frias, s\/n<br \/>\nDepartamento de Engenharia Inform\u00e1tica<br \/>\nEdif\u00edcio I &#8211; Sala I012A<br \/>\n4200-465<br \/>\nPORTO<\/p>\n<p><a href=\"https:\/\/goo.gl\/maps\/sSDcfxMzGWRUKzb28\"><img loading=\"lazy\" decoding=\"async\" class=\"alignnone wp-image-8884\" role=\"img\" src=\"https:\/\/dei.fe.up.pt\/dev1\/wp-content\/uploads\/2021\/11\/GoogleMaps.svg\" alt=\"\" width=\"20\" height=\"29\" \/><\/a><\/p>\n<\/div><\/div>\n<\/div>\n<\/div>\n<div id=\"pgc-2447-6-1\"  class=\"panel-grid-cell\"  data-weight=\"0.30641727493917\" >\n<div id=\"panel-2447-6-1-0\" class=\"so-panel widget widget_text panel-first-child panel-last-child\" data-index=\"9\" data-style=\"{&quot;padding&quot;:&quot;0px 0px 0px 0px&quot;,&quot;background_image_attachment&quot;:false,&quot;background_display&quot;:&quot;tile&quot;,&quot;background_image_size&quot;:&quot;full&quot;,&quot;background_image_opacity&quot;:&quot;100&quot;,&quot;border_thickness&quot;:&quot;1px&quot;,&quot;font_color&quot;:&quot;#ffffff&quot;}\" >\n<div class=\"panel-widget-style panel-widget-style-for-2447-6-1-0\" >\n<div class=\"textwidget\">\n<p>Hor\u00e1rio da secretaria<br \/>\n10h00 &#8211; 12h00 \/ 14h30 &#8211; 16h30<\/p>\n<p>Contactos<br \/>\nsecdei@fe.up.pt<br \/>\nTelefone: +351 225 082 134<\/p>\n<\/div><\/div>\n<\/div>\n<\/div>\n<div id=\"pgc-2447-6-2\"  class=\"panel-grid-cell\"  data-weight=\"0.33333333333333\" >\n<div id=\"panel-2447-6-2-0\" class=\"so-panel widget widget_sow-social-media-buttons panel-first-child panel-last-child\" data-index=\"10\" data-style=\"{&quot;background_image_attachment&quot;:false,&quot;background_display&quot;:&quot;tile&quot;,&quot;margin&quot;:&quot;-10px 0px 0px 0px&quot;}\" ><div\n\t\t\t\n\t\t\tclass=\"so-widget-sow-social-media-buttons so-widget-sow-social-media-buttons-atom-fdc5d51d5381\"\n\t\t\t\n\t\t>\n\n<div class=\"social-media-button-container\">\n\t\n\t\t<a \n\t\tclass=\"ow-button-hover sow-social-media-button-facebook-0 sow-social-media-button\" title=\"Facebook\" aria-label=\"Facebook\" target=\"_blank\" rel=\"noopener noreferrer\" href=\"https:\/\/www.facebook.com\/\" \t\t>\n\t\t\t<span>\n\t\t\t\t\t\t\t\t<span class=\"sow-icon-fontawesome sow-fab\" data-sow-icon=\"&#xf39e;\"\n\t\t \n\t\taria-hidden=\"true\"><\/span>\t\t\t\t\t\t\t<\/span>\n\t\t<\/a>\n\t\n\t\t<a \n\t\tclass=\"ow-button-hover sow-social-media-button-instagram-0 sow-social-media-button\" title=\"Instagram\" aria-label=\"Instagram\" target=\"_blank\" rel=\"noopener noreferrer\" href=\"https:\/\/instagram.com\/\" \t\t>\n\t\t\t<span>\n\t\t\t\t\t\t\t\t<span class=\"sow-icon-fontawesome sow-fab\" data-sow-icon=\"&#xf16d;\"\n\t\t \n\t\taria-hidden=\"true\"><\/span>\t\t\t\t\t\t\t<\/span>\n\t\t<\/a>\n\t\n\t\t<a \n\t\tclass=\"ow-button-hover sow-social-media-button-x-twitter-0 sow-social-media-button\" title=\"Twitter\" aria-label=\"Twitter\" target=\"_blank\" rel=\"noopener noreferrer\" href=\"https:\/\/twitter.com\/DEI_FEUP\" \t\t>\n\t\t\t<span>\n\t\t\t\t\t\t\t\t<span class=\"sow-icon-fontawesome sow-fab\" data-sow-icon=\"&#xe61b;\"\n\t\t \n\t\taria-hidden=\"true\"><\/span>\t\t\t\t\t\t\t<\/span>\n\t\t<\/a>\n\t\n\t\t<a \n\t\tclass=\"ow-button-hover sow-social-media-button-linkedin-0 sow-social-media-button\" title=\"LinkedIn\" aria-label=\"LinkedIn\" target=\"_blank\" rel=\"noopener noreferrer\" href=\"https:\/\/www.linkedin.com\/\" \t\t>\n\t\t\t<span>\n\t\t\t\t\t\t\t\t<span class=\"sow-icon-fontawesome sow-fab\" data-sow-icon=\"&#xf0e1;\"\n\t\t \n\t\taria-hidden=\"true\"><\/span>\t\t\t\t\t\t\t<\/span>\n\t\t<\/a>\n\t\n\t\t<a \n\t\tclass=\"ow-button-hover sow-social-media-button-youtube-0 sow-social-media-button\" title=\"Youtube\" aria-label=\"Youtube\" target=\"_blank\" rel=\"noopener noreferrer\" href=\"https:\/\/www.youtube.com\/channel\/UC2MtIBO74J8O_zr6GwfrM7A\" \t\t>\n\t\t\t<span>\n\t\t\t\t\t\t\t\t<span class=\"sow-icon-fontawesome sow-fab\" data-sow-icon=\"&#xf167;\"\n\t\t \n\t\taria-hidden=\"true\"><\/span>\t\t\t\t\t\t\t<\/span>\n\t\t<\/a>\n\t<\/div>\n<\/div><\/div>\n<\/div>\n<\/div>\n<\/div>\n<\/div>\n","protected":false},"excerpt":{"rendered":"<p>&lt;contribuindo para a engenharia inform\u00e1tica do futuro&gt; A Engenharia Inform\u00e1tica e Computa\u00e7\u00e3o contribui cada vez mais para a sociedade, alterando, direta ou indiretamente, a forma como vivemos. Diretamente, pela presen\u00e7a em servi\u00e7os e dispositivos que realizam computa\u00e7\u00e3o e que utilizam software como um dos principais componentes. Indiretamente, pela contribui\u00e7\u00e3o para o desenvolvimento de produtos e [&hellip;]<\/p>\n","protected":false},"author":60,"featured_media":0,"parent":0,"menu_order":0,"comment_status":"closed","ping_status":"closed","template":"","meta":{"inline_featured_image":false,"footnotes":""},"class_list":["post-2447","page","type-page","status-publish","hentry"],"_links":{"self":[{"href":"https:\/\/dei.fe.up.pt\/dev\/wp-json\/wp\/v2\/pages\/2447","targetHints":{"allow":["GET"]}}],"collection":[{"href":"https:\/\/dei.fe.up.pt\/dev\/wp-json\/wp\/v2\/pages"}],"about":[{"href":"https:\/\/dei.fe.up.pt\/dev\/wp-json\/wp\/v2\/types\/page"}],"author":[{"embeddable":true,"href":"https:\/\/dei.fe.up.pt\/dev\/wp-json\/wp\/v2\/users\/60"}],"replies":[{"embeddable":true,"href":"https:\/\/dei.fe.up.pt\/dev\/wp-json\/wp\/v2\/comments?post=2447"}],"version-history":[{"count":9,"href":"https:\/\/dei.fe.up.pt\/dev\/wp-json\/wp\/v2\/pages\/2447\/revisions"}],"predecessor-version":[{"id":13097,"href":"https:\/\/dei.fe.up.pt\/dev\/wp-json\/wp\/v2\/pages\/2447\/revisions\/13097"}],"wp:attachment":[{"href":"https:\/\/dei.fe.up.pt\/dev\/wp-json\/wp\/v2\/media?parent=2447"}],"curies":[{"name":"wp","href":"https:\/\/api.w.org\/{rel}","templated":true}]}}