{"id":3294,"date":"2020-05-15T16:17:31","date_gmt":"2020-05-15T16:17:31","guid":{"rendered":"https:\/\/dei.fe.up.pt\/dev1\/?page_id=3294"},"modified":"2023-01-03T13:51:07","modified_gmt":"2023-01-03T13:51:07","slug":"lab-computacao-pervasiva","status":"publish","type":"page","link":"https:\/\/dei.fe.up.pt\/dev\/lab-computacao-pervasiva\/","title":{"rendered":"Lab &#8211; Computa\u00e7\u00e3o Pervasiva"},"content":{"rendered":"<div id=\"pl-3294\"  class=\"panel-layout\" >\n<div id=\"pg-3294-0\"  class=\"panel-grid panel-no-style\"  data-style=\"{&quot;background_image_attachment&quot;:false,&quot;background_display&quot;:&quot;tile&quot;,&quot;cell_alignment&quot;:&quot;flex-start&quot;}\" >\n<div id=\"pgc-3294-0-0\"  class=\"panel-grid-cell panel-grid-cell-mobile-last\"  data-weight=\"0.5\" >\n<div id=\"panel-3294-0-0-0\" class=\"so-panel widget widget_text panel-first-child panel-last-child\" data-index=\"0\" data-style=\"{&quot;background_image_attachment&quot;:false,&quot;background_display&quot;:&quot;tile&quot;,&quot;background_image_size&quot;:&quot;full&quot;,&quot;border_thickness&quot;:&quot;1px&quot;}\" >\n<div class=\"textwidget\">\n<p><img decoding=\"async\" loading=\"lazy\" class=\"alignnone wp-image-3295\" role=\"img\" src=\"https:\/\/dei.fe.up.pt\/dev1\/wp-content\/uploads\/2020\/05\/Computacao-Pervasiva.svg\" alt=\"\" width=\"140\" height=\"249\" \/><\/p>\n<p><strong>Miss\u00e3o<\/strong><br \/>\nO Laborat\u00f3rio de Computa\u00e7\u00e3o Pervasiva interv\u00e9m num ecossistema que visa a grande visibilidade de aplica\u00e7\u00f5es futuras em diversas tecnologias, cobrindo todo o espetro desde a sensoriza\u00e7\u00e3o at\u00e9 \u00e0 computa\u00e7\u00e3o de alto desempenho e na nuvem. O laborat\u00f3rio foca-se na conceptualiza\u00e7\u00e3o e desenvolvimento de aplica\u00e7\u00f5es em todo o espetro, considerando requisitos rigorosos relacionados com o consumo, pot\u00eancia, performance, fiabilidade, privacidade, funcionamento seguro e prote\u00e7\u00e3o dessas aplica\u00e7\u00f5es.<br \/>\nO laborat\u00f3rio d\u00e1 suporte a projetos de investiga\u00e7\u00e3o, experi\u00eancias e ensaios envolvendo sensores, computa\u00e7\u00e3o embebida, m\u00f3vel, na nuvem e distribu\u00edda em ambientes pervasivos. Trata-se de um laborat\u00f3rio multidisciplinar\/interdisciplinar, transversal em termos das diferentes \u00e1reas da Engenharia Inform\u00e1tica e Computa\u00e7\u00e3o. Pretende fornecer as tecnologias do estado-da-arte e estimular a utiliza\u00e7\u00e3o dessas tecnologias na avalia\u00e7\u00e3o e cria\u00e7\u00e3o de futuras novas e inovadoras aplica\u00e7\u00f5es e tecnologias, nomeadamente no contexto da Internet-das-coisas (IoT).<br \/>\nO laborat\u00f3rio pretende ainda contribuir fortemente para novas ideias, experimenta\u00e7\u00e3o e desenvolvimento de prot\u00f3tipos, utilizando sinergicamente variadas tecnologias, e possivelmente incluir aplica\u00e7\u00f5es e sistemas ciber-f\u00edsicos e IoT (Internet of Things).<\/p>\n<p><strong>T\u00f3picos de Interesse<\/strong><br \/>\n\u2022 IoT e sistemas ciber-f\u00edsicos<br \/>\n\u2022 Sensoriza\u00e7\u00e3o (incluindo sensoriza\u00e7\u00e3o distribu\u00edda)<br \/>\n\u2022 Sistemas de localiza\u00e7\u00e3o<br \/>\n\u2022 Computa\u00e7\u00e3o ub\u00edqua, computa\u00e7\u00e3o pervasiva, intelig\u00eancia ambiental<br \/>\n\u2022 Computa\u00e7\u00e3o embebida e m\u00f3vel<br \/>\n\u2022 Computa\u00e7\u00e3o paralela e distribu\u00edda<br \/>\n\u2022 Computa\u00e7\u00e3o na nuvem, na periferia e nos dispositivos (fog)<br \/>\n\u2022 Ciberseguran\u00e7a<br \/>\n\u2022 Software adapt\u00e1vel em tempo de execu\u00e7\u00e3o<br \/>\n\u2022 Computa\u00e7\u00e3o verde e ecol\u00f3gica<\/p>\n<p>&nbsp;<\/p>\n<p><img decoding=\"async\" loading=\"lazy\" class=\"alignnone wp-image-8114\" role=\"img\" src=\"https:\/\/dei.fe.up.pt\/dev1\/wp-content\/uploads\/sites\/30\/2021\/07\/globe_black.svg\" alt=\"\" width=\"30\" height=\"30\" srcset=\"https:\/\/dei.fe.up.pt\/dev\/wp-content\/uploads\/sites\/92\/\/2021\/07\/globe_black.svg 150w, https:\/\/dei.fe.up.pt\/dev\/wp-content\/uploads\/sites\/92\/\/2021\/07\/globe_black.svg 300w, https:\/\/dei.fe.up.pt\/dev\/wp-content\/uploads\/sites\/92\/\/2021\/07\/globe_black.svg 1024w, https:\/\/dei.fe.up.pt\/dev\/wp-content\/uploads\/sites\/92\/\/2021\/07\/globe_black.svg 1536w, https:\/\/dei.fe.up.pt\/dev\/wp-content\/uploads\/sites\/92\/\/2021\/07\/globe_black.svg 2048w, https:\/\/dei.fe.up.pt\/dev\/wp-content\/uploads\/sites\/92\/\/2021\/07\/globe_black.svg 24w\" sizes=\"auto, (max-width: 30px) 100vw, 30px\" \/><\/p>\n<\/div><\/div>\n<\/div>\n<div id=\"pgc-3294-0-1\"  class=\"panel-grid-cell panel-grid-cell-empty\"  data-weight=\"0.5\" ><\/div>\n<\/div>\n<\/div>\n","protected":false},"excerpt":{"rendered":"<p>Miss\u00e3o O Laborat\u00f3rio de Computa\u00e7\u00e3o Pervasiva interv\u00e9m num ecossistema que visa a grande visibilidade de aplica\u00e7\u00f5es futuras em diversas tecnologias, cobrindo todo o espetro desde a sensoriza\u00e7\u00e3o at\u00e9 \u00e0 computa\u00e7\u00e3o de alto desempenho e na nuvem. O laborat\u00f3rio foca-se na conceptualiza\u00e7\u00e3o e desenvolvimento de aplica\u00e7\u00f5es em todo o espetro, considerando requisitos rigorosos relacionados com o [&hellip;]<\/p>\n","protected":false},"author":60,"featured_media":0,"parent":0,"menu_order":0,"comment_status":"closed","ping_status":"closed","template":"","meta":{"inline_featured_image":false,"footnotes":""},"class_list":["post-3294","page","type-page","status-publish","hentry"],"_links":{"self":[{"href":"https:\/\/dei.fe.up.pt\/dev\/wp-json\/wp\/v2\/pages\/3294","targetHints":{"allow":["GET"]}}],"collection":[{"href":"https:\/\/dei.fe.up.pt\/dev\/wp-json\/wp\/v2\/pages"}],"about":[{"href":"https:\/\/dei.fe.up.pt\/dev\/wp-json\/wp\/v2\/types\/page"}],"author":[{"embeddable":true,"href":"https:\/\/dei.fe.up.pt\/dev\/wp-json\/wp\/v2\/users\/60"}],"replies":[{"embeddable":true,"href":"https:\/\/dei.fe.up.pt\/dev\/wp-json\/wp\/v2\/comments?post=3294"}],"version-history":[{"count":1,"href":"https:\/\/dei.fe.up.pt\/dev\/wp-json\/wp\/v2\/pages\/3294\/revisions"}],"predecessor-version":[{"id":11869,"href":"https:\/\/dei.fe.up.pt\/dev\/wp-json\/wp\/v2\/pages\/3294\/revisions\/11869"}],"wp:attachment":[{"href":"https:\/\/dei.fe.up.pt\/dev\/wp-json\/wp\/v2\/media?parent=3294"}],"curies":[{"name":"wp","href":"https:\/\/api.w.org\/{rel}","templated":true}]}}