{"id":3297,"date":"2020-05-15T16:19:09","date_gmt":"2020-05-15T16:19:09","guid":{"rendered":"https:\/\/dei.fe.up.pt\/dev1\/?page_id=3297"},"modified":"2024-08-21T09:10:43","modified_gmt":"2024-08-21T09:10:43","slug":"media-digitais-2","status":"publish","type":"page","link":"https:\/\/dei.fe.up.pt\/dev\/media-digitais-2\/","title":{"rendered":"Lab &#8211; Media Digitais"},"content":{"rendered":"<div id=\"pl-3297\"  class=\"panel-layout\" >\n<div id=\"pg-3297-0\"  class=\"panel-grid panel-no-style\"  data-style=\"{&quot;background_image_attachment&quot;:false,&quot;background_display&quot;:&quot;tile&quot;,&quot;full_height&quot;:&quot;&quot;,&quot;cell_alignment&quot;:&quot;flex-start&quot;}\" >\n<div id=\"pgc-3297-0-0\"  class=\"panel-grid-cell panel-grid-cell-mobile-last\"  data-weight=\"0.5\" >\n<div id=\"panel-3297-0-0-0\" class=\"so-panel widget widget_text panel-first-child panel-last-child\" data-index=\"0\" data-style=\"{&quot;background_image_attachment&quot;:false,&quot;background_display&quot;:&quot;tile&quot;,&quot;background_image_size&quot;:&quot;full&quot;,&quot;background_image_opacity&quot;:&quot;100&quot;,&quot;border_thickness&quot;:&quot;1px&quot;}\" >\n<div class=\"textwidget\">\n<p><a href=\"https:\/\/dei.fe.up.pt\/dev\/wp-content\/uploads\/sites\/92\/2020\/05\/Medias-Digitais.svg\"><img loading=\"lazy\" decoding=\"async\" class=\"alignnone wp-image-3298\" role=\"img\" src=\"https:\/\/dei.fe.up.pt\/dev\/wp-content\/uploads\/sites\/92\/2020\/05\/Medias-Digitais.svg\" alt=\"\" width=\"140\" height=\"237\" \/><\/a><\/p>\n<p><strong>Miss\u00e3o<\/strong><br \/>\nO laborat\u00f3rio de I&amp;D de Media Digitais congrega uma equipa multidisciplinar de investigadores focada na inova\u00e7\u00e3o dos processos de transforma\u00e7\u00e3o digital que afetam a sociedade atual, particularmente nas linhas de investiga\u00e7\u00e3o que investigam a media\u00e7\u00e3o digital entre o ser humano, a sociedade e a cultura com as tecnologias emergentes.<\/p>\n<p><strong>T\u00f3picos de Interesse<\/strong><br \/>\n\u2022 Intera\u00e7\u00e3o Pessoa-Computador, Experi\u00eancia de Utilizador (UX), Usabilidade e Acessibilidade<br \/>\n\u2022 Computa\u00e7\u00e3o Gr\u00e1fica,\u00a0 Realidade Virtual Multisensorial, Realidade Aumentada,<br \/>\n\u2022 Interfaces Multimodais, Interfaces Naturais<br \/>\n\u2022 Desenho e Desenvolvimento de Jogos Digitais<br \/>\n\u2022 Jogos S\u00e9rios e Ludifica\u00e7\u00e3o (gamification)<br \/>\n\u2022 Computa\u00e7\u00e3o Sonora e Musical<br \/>\n\u2022 Humanidades Digitais, Literacia<br \/>\n\u2022 Educa\u00e7\u00e3o, Educa\u00e7\u00e3o Mediada pela Tecnologica, Software Educativo<br \/>\n\u2022 Criatividade e Express\u00e3o Art\u00edstica mediada pela Tecnologia e Arte Digital<br \/>\n\u2022 Tecnologia e Cultura Digital<br \/>\n\u2022 Media Digitais na Arte Performativa<br \/>\n\u2022 Ci\u00eancias da Comunica\u00e7\u00e3o, Jornalismo, Redes Sociais<br \/>\n\u2022 Comunica\u00e7\u00e3o da Ci\u00eancia<br \/>\n\u2022 Ci\u00eancias da Infoma\u00e7\u00e3o, Preserva\u00e7\u00e3o Digital<br \/>\n\u2022 Estudos sobre a rela\u00e7\u00e3o doe Media Digitais com a Ind\u00fastria, o P\u00fablico e os Mercados<br \/>\n\u2022 Marketing Digital e Publicidade Digital<br \/>\n\u2022 Sistemas Interativos e Cria\u00e7\u00e3o de conte\u00fados audiovisuais<br \/>\n\u2022 Open Data, Open Source e Movimentos para a cidadania<br \/>\n\u2022 Tecnologias na Sa\u00fade<\/p>\n<p>&nbsp;<\/p>\n<p><a href=\"https:\/\/dei.fe.up.pt\/digitalmedia\/\"><img loading=\"lazy\" decoding=\"async\" class=\"alignnone wp-image-8114\" role=\"img\" src=\"https:\/\/dei.fe.up.pt\/dev1\/wp-content\/uploads\/sites\/30\/2021\/07\/globe_black.svg\" alt=\"\" width=\"30\" height=\"30\" \/><\/a><\/p>\n<\/div><\/div>\n<\/div>\n<div id=\"pgc-3297-0-1\"  class=\"panel-grid-cell panel-grid-cell-empty\"  data-weight=\"0.5\" ><\/div>\n<\/div>\n<\/div>\n","protected":false},"excerpt":{"rendered":"<p>Miss\u00e3o O laborat\u00f3rio de I&amp;D de Media Digitais congrega uma equipa multidisciplinar de investigadores focada na inova\u00e7\u00e3o dos processos de transforma\u00e7\u00e3o digital que afetam a sociedade atual, particularmente nas linhas de investiga\u00e7\u00e3o que investigam a media\u00e7\u00e3o digital entre o ser humano, a sociedade e a cultura com as tecnologias emergentes. T\u00f3picos de Interesse \u2022 Intera\u00e7\u00e3o [&hellip;]<\/p>\n","protected":false},"author":60,"featured_media":0,"parent":0,"menu_order":0,"comment_status":"closed","ping_status":"closed","template":"","meta":{"inline_featured_image":false,"footnotes":""},"class_list":["post-3297","page","type-page","status-publish","hentry"],"_links":{"self":[{"href":"https:\/\/dei.fe.up.pt\/dev\/wp-json\/wp\/v2\/pages\/3297","targetHints":{"allow":["GET"]}}],"collection":[{"href":"https:\/\/dei.fe.up.pt\/dev\/wp-json\/wp\/v2\/pages"}],"about":[{"href":"https:\/\/dei.fe.up.pt\/dev\/wp-json\/wp\/v2\/types\/page"}],"author":[{"embeddable":true,"href":"https:\/\/dei.fe.up.pt\/dev\/wp-json\/wp\/v2\/users\/60"}],"replies":[{"embeddable":true,"href":"https:\/\/dei.fe.up.pt\/dev\/wp-json\/wp\/v2\/comments?post=3297"}],"version-history":[{"count":2,"href":"https:\/\/dei.fe.up.pt\/dev\/wp-json\/wp\/v2\/pages\/3297\/revisions"}],"predecessor-version":[{"id":13374,"href":"https:\/\/dei.fe.up.pt\/dev\/wp-json\/wp\/v2\/pages\/3297\/revisions\/13374"}],"wp:attachment":[{"href":"https:\/\/dei.fe.up.pt\/dev\/wp-json\/wp\/v2\/media?parent=3297"}],"curies":[{"name":"wp","href":"https:\/\/api.w.org\/{rel}","templated":true}]}}