{"id":4705,"date":"2021-06-01T09:59:37","date_gmt":"2021-06-01T09:59:37","guid":{"rendered":"https:\/\/dei.fe.up.pt\/dev1\/pagina-inicial\/"},"modified":"2024-10-01T15:46:49","modified_gmt":"2024-10-01T15:46:49","slug":"pagina-inicial","status":"publish","type":"page","link":"https:\/\/dei.fe.up.pt\/dev\/","title":{"rendered":"P\u00e1gina inicial"},"content":{"rendered":"<div id=\"pl-4705\"  class=\"panel-layout\" >\n<div id=\"pg-4705-0\"  class=\"panel-grid panel-has-style\"  data-style=\"{&quot;mobile_padding&quot;:&quot;30px 0px 0px 0px&quot;,&quot;background_image_attachment&quot;:false,&quot;background_display&quot;:&quot;tile&quot;,&quot;background_image_size&quot;:&quot;full&quot;,&quot;background_image_opacity&quot;:&quot;100&quot;,&quot;border_thickness&quot;:&quot;1px&quot;,&quot;full_height&quot;:&quot;&quot;,&quot;cell_alignment&quot;:&quot;flex-start&quot;,&quot;mobile_bottom_margin&quot;:&quot;0px&quot;}\" >\n<div class=\"panel-row-style panel-row-style-for-4705-0\" >\n<div id=\"pgc-4705-0-0\"  class=\"panel-grid-cell\"  data-weight=\"1\" >\n<div id=\"panel-4705-0-0-0\" class=\"so-panel widget widget_custom_html panel-first-child panel-last-child\" data-index=\"0\" data-style=\"{&quot;background_image_attachment&quot;:false,&quot;background_display&quot;:&quot;tile&quot;,&quot;background_image_size&quot;:&quot;full&quot;,&quot;background_image_opacity&quot;:&quot;100&quot;,&quot;border_thickness&quot;:&quot;1px&quot;,&quot;margin&quot;:&quot;-35px -35px -35px -35px&quot;}\" ><div class=\"textwidget custom-html-widget\">[smartslider3 slider=&quot;2&quot;]<\/div><\/div>\n<\/div>\n<\/div>\n<\/div>\n<div id=\"pg-4705-1\"  class=\"panel-grid panel-has-style\"  data-style=\"{&quot;class&quot;:&quot;wide-grey&quot;,&quot;background_image_attachment&quot;:false,&quot;background_display&quot;:&quot;tile&quot;,&quot;full_height&quot;:&quot;&quot;,&quot;bottom_margin&quot;:&quot;0px&quot;,&quot;cell_alignment&quot;:&quot;flex-start&quot;}\" >\n<div class=\"wide-grey panel-row-style panel-row-style-for-4705-1\" >\n<div id=\"pgc-4705-1-0\"  class=\"panel-grid-cell\"  data-weight=\"1\" >\n<div id=\"panel-4705-1-0-0\" class=\"so-panel widget widget_sow-editor panel-first-child\" data-index=\"1\" data-style=\"{&quot;background_image_attachment&quot;:false,&quot;background_display&quot;:&quot;tile&quot;}\" >\n<div\n\t\t\t\n\t\t\tclass=\"so-widget-sow-editor so-widget-sow-editor-base\"\n\t\t\t\n\t\t><\/p>\n<div class=\"siteorigin-widget-tinymce textwidget\">\n<h1 class=\"agenda-title\"><strong>&lt;NOT\u00cdCIAS&gt;<\/strong><\/h1>\n<\/div>\n<\/div>\n<\/div>\n<div id=\"panel-4705-1-0-1\" class=\"so-panel widget widget_custom_html\" data-index=\"2\" data-style=\"{&quot;background_image_attachment&quot;:false,&quot;background_display&quot;:&quot;tile&quot;,&quot;link_color&quot;:&quot;#000000&quot;}\" ><div class=\"textwidget custom-html-widget\">[pt_view id=&quot;cb3d7fev79&quot;]<\/div><\/div>\n<div id=\"panel-4705-1-0-2\" class=\"so-panel widget widget_sow-editor panel-last-child\" data-index=\"3\" data-style=\"{&quot;padding&quot;:&quot;0px 0px 20px 0px&quot;,&quot;background_image_attachment&quot;:false,&quot;background_display&quot;:&quot;tile&quot;,&quot;link_color&quot;:&quot;#000000&quot;}\" >\n<div class=\"panel-widget-style panel-widget-style-for-4705-1-0-2\" >\n<div\n\t\t\t\n\t\t\tclass=\"so-widget-sow-editor so-widget-sow-editor-base\"\n\t\t\t\n\t\t><\/p>\n<div class=\"siteorigin-widget-tinymce textwidget\">\n<p style=\"text-align: right; font-size: 17px; font-weight: bold;\"><a href=\"https:\/\/dei.fe.up.pt\/pt\/noticias\/\">Ver mais<\/a><\/p>\n<\/div>\n<\/div>\n<\/div>\n<\/div>\n<\/div>\n<\/div>\n<\/div>\n<div id=\"pg-4705-2\"  class=\"panel-grid panel-has-style\"  data-style=\"{&quot;id&quot;:&quot;banner-row&quot;,&quot;class&quot;:&quot;.column-color_change_2&quot;,&quot;padding&quot;:&quot;40px 40px 17px 40px&quot;,&quot;mobile_padding&quot;:&quot;10px 0px 10px 0px&quot;,&quot;background&quot;:&quot;#f7c599&quot;,&quot;background_image_attachment&quot;:false,&quot;background_display&quot;:&quot;tile&quot;,&quot;full_height&quot;:&quot;&quot;,&quot;bottom_margin&quot;:&quot;0px&quot;,&quot;gutter&quot;:&quot;0px&quot;,&quot;row_stretch&quot;:&quot;full&quot;,&quot;cell_alignment&quot;:&quot;flex-start&quot;}\" >\n<div class=\"column-color_change_2 siteorigin-panels-stretch panel-row-style panel-row-style-for-4705-2\" id=\"banner-row\" data-stretch-type=\"full\" >\n<div id=\"pgc-4705-2-0\"  class=\"panel-grid-cell\"  data-style=\"{&quot;class&quot;:&quot;banner-cell&quot;,&quot;background_image_attachment&quot;:false,&quot;background_display&quot;:&quot;tile&quot;,&quot;vertical_alignment&quot;:&quot;auto&quot;}\"  data-weight=\"0.25\" >\n<div class=\"banner-cell panel-cell-style panel-cell-style-for-4705-2-0\" >\n<div id=\"panel-4705-2-0-0\" class=\"so-panel widget widget_custom_html panel-first-child panel-last-child\" data-index=\"4\" data-style=\"{&quot;padding&quot;:&quot;0px 0px 0px 0px&quot;,&quot;background_image_attachment&quot;:false,&quot;background_display&quot;:&quot;tile&quot;,&quot;margin&quot;:&quot;0px 0px 0px 0px&quot;}\" >\n<div class=\"panel-widget-style panel-widget-style-for-4705-2-0-0\" ><div class=\"textwidget custom-html-widget\">&lt;a href=&quot;https:\/\/dei.fe.up.pt\/pt\/ensino\/&quot;&gt;\n\t&lt;div&gt;\n\t\t&lt;h1 class=&quot;banner-title about&quot;&gt;&lt;3&gt;&lt;\/h1&gt;\n\t\t&lt;h4 class=&quot;banner-text&quot;&gt;LICENCIATURAS&lt;\/h4&gt;\n\t&lt;\/div&gt;\n&lt;\/a&gt;<\/div><\/div>\n<\/div>\n<\/div>\n<\/div>\n<div id=\"pgc-4705-2-1\"  class=\"panel-grid-cell\"  data-style=\"{&quot;class&quot;:&quot;banner-cell&quot;,&quot;background_image_attachment&quot;:false,&quot;background_display&quot;:&quot;tile&quot;,&quot;vertical_alignment&quot;:&quot;auto&quot;}\"  data-weight=\"0.25\" >\n<div class=\"banner-cell panel-cell-style panel-cell-style-for-4705-2-1\" >\n<div id=\"panel-4705-2-1-0\" class=\"so-panel widget widget_custom_html panel-first-child panel-last-child\" data-index=\"5\" data-style=\"{&quot;padding&quot;:&quot;0px 0px 0px 0px&quot;,&quot;background_image_attachment&quot;:false,&quot;background_display&quot;:&quot;tile&quot;,&quot;background_image_size&quot;:&quot;full&quot;,&quot;background_image_opacity&quot;:&quot;100&quot;,&quot;border_thickness&quot;:&quot;1px&quot;,&quot;margin&quot;:&quot;0px 0px 0px 0px&quot;}\" >\n<div class=\"panel-widget-style panel-widget-style-for-4705-2-1-0\" ><div class=\"textwidget custom-html-widget\">&lt;a href=&quot;https:\/\/dei.fe.up.pt\/pt\/ensino\/&quot;&gt;\n\t&lt;div&gt;\n\t\t&lt;h1 class=&quot;banner-title about&quot;&gt;&lt;6&gt;&lt;\/h1&gt;\n\t\t&lt;h6 class=&quot;banner-text&quot;&gt;MESTRADOS&lt;\/h6&gt;\n\t&lt;\/div&gt;\n&lt;\/a&gt;<\/div><\/div>\n<\/div>\n<\/div>\n<\/div>\n<div id=\"pgc-4705-2-2\"  class=\"panel-grid-cell\"  data-style=\"{&quot;class&quot;:&quot;banner-cell&quot;,&quot;background_image_attachment&quot;:false,&quot;background_display&quot;:&quot;tile&quot;,&quot;vertical_alignment&quot;:&quot;auto&quot;}\"  data-weight=\"0.25\" >\n<div class=\"banner-cell panel-cell-style panel-cell-style-for-4705-2-2\" >\n<div id=\"panel-4705-2-2-0\" class=\"so-panel widget widget_custom_html panel-first-child panel-last-child\" data-index=\"6\" data-style=\"{&quot;padding&quot;:&quot;0px 0px 0px 0px&quot;,&quot;background_image_attachment&quot;:false,&quot;background_display&quot;:&quot;tile&quot;,&quot;margin&quot;:&quot;0px 0px 0px 0px&quot;}\" >\n<div class=\"panel-widget-style panel-widget-style-for-4705-2-2-0\" ><div class=\"textwidget custom-html-widget\">&lt;a href=&quot;https:\/\/dei.fe.up.pt\/pt\/ensino\/&quot;&gt;\n\t&lt;div&gt;\n\t\t&lt;h1 class=&quot;banner-title about&quot;&gt;&lt;3&gt;&lt;\/h1&gt;\n\t\t&lt;h6 class=&quot;banner-text&quot;&gt;DOUTORAMENTOS&lt;\/h6&gt;\n\t&lt;\/div&gt;\n&lt;\/a&gt;<\/div><\/div>\n<\/div>\n<\/div>\n<\/div>\n<div id=\"pgc-4705-2-3\"  class=\"panel-grid-cell\"  data-style=\"{&quot;class&quot;:&quot;banner-cell&quot;,&quot;background_image_attachment&quot;:false,&quot;background_display&quot;:&quot;tile&quot;,&quot;vertical_alignment&quot;:&quot;auto&quot;}\"  data-weight=\"0.25\" >\n<div class=\"banner-cell panel-cell-style panel-cell-style-for-4705-2-3\" >\n<div id=\"panel-4705-2-3-0\" class=\"so-panel widget widget_custom_html panel-first-child panel-last-child\" data-index=\"7\" data-style=\"{&quot;padding&quot;:&quot;0px 0px 0px 0px&quot;,&quot;background_image_attachment&quot;:false,&quot;background_display&quot;:&quot;tile&quot;,&quot;margin&quot;:&quot;0px 0px 0px 0px&quot;}\" >\n<div class=\"panel-widget-style panel-widget-style-for-4705-2-3-0\" ><div class=\"textwidget custom-html-widget\">&lt;a href=&quot;https:\/\/dei.fe.up.pt\/pt\/ensino\/&quot;&gt;\n\t&lt;div&gt;\n\t\t&lt;h1 class=&quot;banner-title about&quot;&gt;&lt;2000+&gt;&lt;\/h1&gt;\n\t\t&lt;h6 class=&quot;banner-text&quot;&gt;ESTUDANTES&lt;\/h6&gt;\n\t&lt;\/div&gt;\n&lt;\/a&gt;<\/div><\/div>\n<\/div>\n<\/div>\n<\/div>\n<\/div>\n<\/div>\n<div id=\"pg-4705-3\"  class=\"panel-grid panel-has-style\"  data-style=\"{&quot;class&quot;:&quot;column-color_change_1&quot;,&quot;padding&quot;:&quot;58px 40px 58px 40px&quot;,&quot;mobile_padding&quot;:&quot;10px 0px 10px 0px&quot;,&quot;background&quot;:&quot;#f7ac91&quot;,&quot;background_image_attachment&quot;:false,&quot;background_display&quot;:&quot;tile&quot;,&quot;full_height&quot;:&quot;&quot;,&quot;bottom_margin&quot;:&quot;0px&quot;,&quot;row_stretch&quot;:&quot;full&quot;,&quot;cell_alignment&quot;:&quot;flex-start&quot;}\" >\n<div class=\"column-color_change_1 siteorigin-panels-stretch panel-row-style panel-row-style-for-4705-3\" data-stretch-type=\"full\" >\n<div id=\"pgc-4705-3-0\"  class=\"panel-grid-cell\"  data-style=\"{&quot;class&quot;:&quot;banner-cell&quot;,&quot;background_image_attachment&quot;:false,&quot;background_display&quot;:&quot;tile&quot;,&quot;vertical_alignment&quot;:&quot;auto&quot;}\"  data-weight=\"1\" >\n<div class=\"banner-cell panel-cell-style panel-cell-style-for-4705-3-0\" >\n<div id=\"panel-4705-3-0-0\" class=\"so-panel widget widget_custom_html panel-first-child panel-last-child\" data-index=\"8\" data-style=\"{&quot;padding&quot;:&quot;0px 0px 0px 0px&quot;,&quot;background_image_attachment&quot;:false,&quot;background_display&quot;:&quot;tile&quot;,&quot;margin&quot;:&quot;0px 0px 0px 0px&quot;}\" >\n<div class=\"panel-widget-style panel-widget-style-for-4705-3-0-0\" ><div class=\"textwidget custom-html-widget\">&lt;a href=&quot;https:\/\/dei.fe.up.pt\/pt\/laboratorios-de-investigacao\/&quot;&gt;\n\t&lt;div&gt;\n\t\t&lt;p class=&quot;banner-title about&quot; style=&quot;text-align: center;&quot;&gt;&lt;inovar para construir solu\u00e7\u00f5es com impacto&gt;&lt;\/p&gt;\n\t&lt;\/div&gt;\n&lt;\/a&gt;<\/div><\/div>\n<\/div>\n<\/div>\n<\/div>\n<\/div>\n<\/div>\n<div id=\"pg-4705-4\"  class=\"panel-grid panel-has-style\"  data-style=\"{&quot;padding&quot;:&quot;70px 70px 70px 70px&quot;,&quot;background&quot;:&quot;#000000&quot;,&quot;background_image_attachment&quot;:false,&quot;background_display&quot;:&quot;tile&quot;,&quot;full_height&quot;:&quot;&quot;,&quot;bottom_margin&quot;:&quot;0px&quot;,&quot;row_stretch&quot;:&quot;full&quot;,&quot;cell_alignment&quot;:&quot;flex-start&quot;}\" >\n<div class=\"siteorigin-panels-stretch panel-row-style panel-row-style-for-4705-4\" data-stretch-type=\"full\" >\n<div id=\"pgc-4705-4-0\"  class=\"panel-grid-cell\"  data-weight=\"0.36024939172749\" >\n<div id=\"panel-4705-4-0-0\" class=\"so-panel widget widget_text panel-first-child panel-last-child\" data-index=\"9\" data-style=\"{&quot;background_image_attachment&quot;:false,&quot;background_display&quot;:&quot;tile&quot;,&quot;background_image_size&quot;:&quot;full&quot;,&quot;border_thickness&quot;:&quot;1px&quot;,&quot;font_color&quot;:&quot;#ffffff&quot;,&quot;link_color&quot;:&quot;#ffffff&quot;}\" >\n<div class=\"panel-widget-style panel-widget-style-for-4705-4-0-0\" >\n<div class=\"textwidget\">\n<p>Faculdade de Engenharia da Universidade do Porto<br \/>\nRua Dr. Roberto Frias, s\/n<br \/>\nDepartamento de Engenharia Inform\u00e1tica<br \/>\nEdif\u00edcio I &#8211; Sala I012A<br \/>\n4200-465<br \/>\nPORTO<\/p>\n<p><a href=\"https:\/\/goo.gl\/maps\/sSDcfxMzGWRUKzb28\"><img loading=\"lazy\" decoding=\"async\" class=\"alignnone wp-image-8834\" role=\"img\" src=\"https:\/\/dei.fe.up.pt\/dev\/wp-content\/uploads\/sites\/92\/2021\/11\/GoogleMaps.svg\" alt=\"\" width=\"20\" height=\"29\" \/><\/a><\/p>\n<\/div><\/div>\n<\/div>\n<\/div>\n<div id=\"pgc-4705-4-1\"  class=\"panel-grid-cell\"  data-weight=\"0.30641727493917\" >\n<div id=\"panel-4705-4-1-0\" class=\"so-panel widget widget_text panel-first-child panel-last-child\" data-index=\"10\" data-style=\"{&quot;padding&quot;:&quot;0px 0px 0px 0px&quot;,&quot;background_image_attachment&quot;:false,&quot;background_display&quot;:&quot;tile&quot;,&quot;background_image_size&quot;:&quot;full&quot;,&quot;background_image_opacity&quot;:&quot;100&quot;,&quot;border_thickness&quot;:&quot;1px&quot;,&quot;font_color&quot;:&quot;#ffffff&quot;}\" >\n<div class=\"panel-widget-style panel-widget-style-for-4705-4-1-0\" >\n<div class=\"textwidget\">\n<p>Hor\u00e1rio da secretaria<br \/>\n10h00 &#8211; 12h00 \/ 14h30 &#8211; 16h30<\/p>\n<p>Contactos<br \/>\nsecdei@fe.up.pt<br \/>\nTelefone: +351 225 082 134<\/p>\n<\/div><\/div>\n<\/div>\n<\/div>\n<div id=\"pgc-4705-4-2\"  class=\"panel-grid-cell\"  data-weight=\"0.33333333333333\" >\n<div id=\"panel-4705-4-2-0\" class=\"so-panel widget widget_sow-social-media-buttons panel-first-child panel-last-child\" data-index=\"11\" data-style=\"{&quot;padding&quot;:&quot;0px 0px 0px 0px&quot;,&quot;background_image_attachment&quot;:false,&quot;background_display&quot;:&quot;tile&quot;,&quot;background_image_size&quot;:&quot;full&quot;,&quot;background_image_opacity&quot;:&quot;100&quot;,&quot;border_thickness&quot;:&quot;1px&quot;,&quot;margin&quot;:&quot;-10px 0px 0px 0px&quot;}\" >\n<div class=\"panel-widget-style panel-widget-style-for-4705-4-2-0\" ><div\n\t\t\t\n\t\t\tclass=\"so-widget-sow-social-media-buttons so-widget-sow-social-media-buttons-atom-1ad69145e350\"\n\t\t\t\n\t\t>\n\n<div class=\"social-media-button-container\">\n\t\n\t\t<a \n\t\tclass=\"ow-button-hover sow-social-media-button-facebook-0 sow-social-media-button\" title=\"Facebook\" aria-label=\"Facebook\" target=\"_blank\" rel=\"noopener noreferrer\" href=\"https:\/\/www.facebook.com\/\" \t\t>\n\t\t\t<span>\n\t\t\t\t\t\t\t\t<span class=\"sow-icon-fontawesome sow-fab\" data-sow-icon=\"&#xf39e;\"\n\t\t \n\t\taria-hidden=\"true\"><\/span>\t\t\t\t\t\t\t<\/span>\n\t\t<\/a>\n\t\n\t\t<a \n\t\tclass=\"ow-button-hover sow-social-media-button-instagram-0 sow-social-media-button\" title=\"Instagram\" aria-label=\"Instagram\" target=\"_blank\" rel=\"noopener noreferrer\" href=\"https:\/\/instagram.com\/\" \t\t>\n\t\t\t<span>\n\t\t\t\t\t\t\t\t<span class=\"sow-icon-fontawesome sow-fab\" data-sow-icon=\"&#xf16d;\"\n\t\t \n\t\taria-hidden=\"true\"><\/span>\t\t\t\t\t\t\t<\/span>\n\t\t<\/a>\n\t\n\t\t<a \n\t\tclass=\"ow-button-hover sow-social-media-button-x-twitter-0 sow-social-media-button\" title=\"Twitter\" aria-label=\"Twitter\" target=\"_blank\" rel=\"noopener noreferrer\" href=\"https:\/\/twitter.com\/DEI_FEUP\" \t\t>\n\t\t\t<span>\n\t\t\t\t\t\t\t\t<span class=\"sow-icon-fontawesome sow-fab\" data-sow-icon=\"&#xe61b;\"\n\t\t \n\t\taria-hidden=\"true\"><\/span>\t\t\t\t\t\t\t<\/span>\n\t\t<\/a>\n\t\n\t\t<a \n\t\tclass=\"ow-button-hover sow-social-media-button-linkedin-0 sow-social-media-button\" title=\"LinkedIn\" aria-label=\"LinkedIn\" target=\"_blank\" rel=\"noopener noreferrer\" href=\"https:\/\/www.linkedin.com\/\" \t\t>\n\t\t\t<span>\n\t\t\t\t\t\t\t\t<span class=\"sow-icon-fontawesome sow-fab\" data-sow-icon=\"&#xf0e1;\"\n\t\t \n\t\taria-hidden=\"true\"><\/span>\t\t\t\t\t\t\t<\/span>\n\t\t<\/a>\n\t\n\t\t<a \n\t\tclass=\"ow-button-hover sow-social-media-button-youtube-0 sow-social-media-button\" title=\"Youtube\" aria-label=\"Youtube\" target=\"_blank\" rel=\"noopener noreferrer\" href=\"https:\/\/www.youtube.com\/channel\/UC2MtIBO74J8O_zr6GwfrM7A\" \t\t>\n\t\t\t<span>\n\t\t\t\t\t\t\t\t<span class=\"sow-icon-fontawesome sow-fab\" data-sow-icon=\"&#xf167;\"\n\t\t \n\t\taria-hidden=\"true\"><\/span>\t\t\t\t\t\t\t<\/span>\n\t\t<\/a>\n\t<\/div>\n<\/div><\/div>\n<\/div>\n<\/div>\n<\/div>\n<\/div>\n<\/div>\n","protected":false},"excerpt":{"rendered":"<p>&lt;NOT\u00cdCIAS&gt; Ver mais Faculdade de Engenharia da Universidade do Porto Rua Dr. Roberto Frias, s\/n Departamento de Engenharia Inform\u00e1tica Edif\u00edcio I &#8211; Sala I012A 4200-465 PORTO Hor\u00e1rio da secretaria 10h00 &#8211; 12h00 \/ 14h30 &#8211; 16h30 Contactos secdei@fe.up.pt Telefone: +351 225 082 134<\/p>\n","protected":false},"author":60,"featured_media":0,"parent":0,"menu_order":0,"comment_status":"closed","ping_status":"closed","template":"home-panels.php","meta":{"inline_featured_image":false,"footnotes":""},"class_list":["post-4705","page","type-page","status-publish","hentry"],"_links":{"self":[{"href":"https:\/\/dei.fe.up.pt\/dev\/wp-json\/wp\/v2\/pages\/4705","targetHints":{"allow":["GET"]}}],"collection":[{"href":"https:\/\/dei.fe.up.pt\/dev\/wp-json\/wp\/v2\/pages"}],"about":[{"href":"https:\/\/dei.fe.up.pt\/dev\/wp-json\/wp\/v2\/types\/page"}],"author":[{"embeddable":true,"href":"https:\/\/dei.fe.up.pt\/dev\/wp-json\/wp\/v2\/users\/60"}],"replies":[{"embeddable":true,"href":"https:\/\/dei.fe.up.pt\/dev\/wp-json\/wp\/v2\/comments?post=4705"}],"version-history":[{"count":16,"href":"https:\/\/dei.fe.up.pt\/dev\/wp-json\/wp\/v2\/pages\/4705\/revisions"}],"predecessor-version":[{"id":13796,"href":"https:\/\/dei.fe.up.pt\/dev\/wp-json\/wp\/v2\/pages\/4705\/revisions\/13796"}],"wp:attachment":[{"href":"https:\/\/dei.fe.up.pt\/dev\/wp-json\/wp\/v2\/media?parent=4705"}],"curies":[{"name":"wp","href":"https:\/\/api.w.org\/{rel}","templated":true}]}}