{"id":14,"date":"2016-04-28T14:59:52","date_gmt":"2016-04-28T14:59:52","guid":{"rendered":"https:\/\/dei.fe.up.pt\/mesw\/?page_id=14"},"modified":"2016-04-29T15:27:59","modified_gmt":"2016-04-29T15:27:59","slug":"curso","status":"publish","type":"page","link":"https:\/\/dei.fe.up.pt\/mesw\/curso\/","title":{"rendered":"Curso"},"content":{"rendered":"<p>A Engenharia de Software (ES) concentra-se na aplica\u00e7\u00e3o de abordagens sistem\u00e1ticas, disciplinadas e quantific\u00e1veis para o desenvolvimento, opera\u00e7\u00e3o e manuten\u00e7\u00e3o de sistemas de software. A ES preocupa-se com metodologias, t\u00e9cnicas e ferramentas para gerir todo o ciclo de vida do software, incluindo o levantamento de requisitos, especifica\u00e7\u00e3o, desenho, testes, manuten\u00e7\u00e3o e gest\u00e3o de projetos. A ES resulta da procura cont\u00ednua de qualidade de software e o amadurecimento da ind\u00fastria de desenvolvimento de software.<\/p>\n","protected":false},"excerpt":{"rendered":"<p>A Engenharia de Software (ES) concentra-se na aplica\u00e7\u00e3o de abordagens sistem\u00e1ticas, disciplinadas e quantific\u00e1veis para o desenvolvimento, opera\u00e7\u00e3o e manuten\u00e7\u00e3o de sistemas de software. A ES preocupa-se com metodologias, t\u00e9cnicas e ferramentas para gerir todo o ciclo de vida do software, incluindo o levantamento de requisitos, especifica\u00e7\u00e3o, desenho, testes, manuten\u00e7\u00e3o e gest\u00e3o de projetos. A [&hellip;]<\/p>\n","protected":false},"author":7,"featured_media":0,"parent":0,"menu_order":0,"comment_status":"closed","ping_status":"closed","template":"templates\/template-full.php","meta":{"inline_featured_image":false,"footnotes":""},"class_list":["post-14","page","type-page","status-publish","hentry","post"],"_links":{"self":[{"href":"https:\/\/dei.fe.up.pt\/mesw\/wp-json\/wp\/v2\/pages\/14","targetHints":{"allow":["GET"]}}],"collection":[{"href":"https:\/\/dei.fe.up.pt\/mesw\/wp-json\/wp\/v2\/pages"}],"about":[{"href":"https:\/\/dei.fe.up.pt\/mesw\/wp-json\/wp\/v2\/types\/page"}],"author":[{"embeddable":true,"href":"https:\/\/dei.fe.up.pt\/mesw\/wp-json\/wp\/v2\/users\/7"}],"replies":[{"embeddable":true,"href":"https:\/\/dei.fe.up.pt\/mesw\/wp-json\/wp\/v2\/comments?post=14"}],"version-history":[{"count":4,"href":"https:\/\/dei.fe.up.pt\/mesw\/wp-json\/wp\/v2\/pages\/14\/revisions"}],"predecessor-version":[{"id":21,"href":"https:\/\/dei.fe.up.pt\/mesw\/wp-json\/wp\/v2\/pages\/14\/revisions\/21"}],"wp:attachment":[{"href":"https:\/\/dei.fe.up.pt\/mesw\/wp-json\/wp\/v2\/media?parent=14"}],"curies":[{"name":"wp","href":"https:\/\/api.w.org\/{rel}","templated":true}]}}